{"id":8806,"date":"2025-05-22T09:30:00","date_gmt":"2025-05-22T07:30:00","guid":{"rendered":"https:\/\/famicord.ch\/?post_type=pregnancy_zone&#038;p=8806"},"modified":"2025-12-23T12:05:29","modified_gmt":"2025-12-23T11:05:29","slug":"acne","status":"publish","type":"pregnancy_zone","link":"https:\/\/famicord.ch\/it\/pregnancy-zone-2\/disturbi-della-gravidanza\/acne","title":{"rendered":"Acne in gravidanza"},"content":{"rendered":"\n<p class=\" eplus-wrapper\">Contrariamente a quanto comunemente si pensa, l\u2019acne non \u00e8 una condizione che colpisce solo gli adolescenti e che pu\u00f2 essere associata esclusivamente alla pubert\u00e0. Pu\u00f2 infatti comparire anche durante la gravidanza. La causa principale sono i cambiamenti ormonali nel corpo della donna incinta. Ma come si pu\u00f2 trattare? E corrisponde al vero che sia un segnale che si aspetta una bambina?<\/p>\n\n\n\n<h2 class=\" wp-block-heading eplus-wrapper\"><strong>Cause dell\u2019acne in gravidanza<\/strong><\/h2>\n\n\n\n<p class=\" eplus-wrapper\">Durante la gravidanza, i livelli di progesterone e androgeni aumentano nel corpo della donna. Questo stimola le ghiandole sebacee e incrementa la produzione di sebo. Quando i pori delle ghiandole si ostruiscono, i batteri possono proliferare \u2013 e questo porta alla comparsa dell\u2019acne. Si manifesta principalmente sul viso e sulla schiena, ed \u00e8 pi\u00f9 frequente nel primo trimestre. Spesso \u00e8 accompagnata da capelli pi\u00f9 grassi. Nel secondo e terzo trimestre, molte donne notano un miglioramento dell\u2019aspetto della pelle, probabilmente grazie all\u2019azione degli estrogeni.<\/p>\n\n\n\n<p class=\" eplus-wrapper\">Anche lo stress e una dieta squilibrata possono influenzare negativamente la salute della pelle. \u00c8 consigliabile evitare cioccolato e cibi molto speziati per ridurre il rischio di impurit\u00e0 cutanee, anche se durante la gravidanza sono comuni le voglie alimentari.<\/p>\n\n\n\n<p class=\" eplus-wrapper\">Purtroppo, l\u2019acne pu\u00f2 persistere anche dopo il parto e continuare durante l\u2019allattamento. Ci\u00f2 \u00e8 dovuto all\u2019aumento dei livelli di prolattina, un ormone che regola la produzione di latte e sostiene lo sviluppo delle ghiandole mammarie.<\/p>\n\n\n\n<h2 class=\" wp-block-heading eplus-wrapper\"><strong>Come trattare l\u2019acne in gravidanza<\/strong><\/h2>\n\n\n\n<p class=\" eplus-wrapper\">Trattare l\u2019acne in gravidanza \u00e8 complicato, poich\u00e9 molti farmaci non sono sicuri per le donne incinte. I medicinali a base di derivati della vitamina A (retinoidi) sono teratogeni per il feto e possono causare gravi malformazioni. Inoltre, passano nel latte materno e sono quindi controindicati anche durante l\u2019allattamento.<\/p>\n\n\n\n<p class=\" eplus-wrapper\">Alle donne incinte non devono essere prescritti antibiotici come le tetracicline, normalmente utilizzati per trattare l\u2019acne.<\/p>\n\n\n\n<p class=\" eplus-wrapper\">Per questo \u00e8 fondamentale una cura adeguata della pelle: usare creme adatte e detergere accuratamente il viso per evitare che residui di trucco o impurit\u00e0 ostruiscano i pori e favoriscano la comparsa di brufoli.<\/p>\n\n\n\n<p class=\" eplus-wrapper\">L\u2019assunzione di qualsiasi tipo di farmaco \u2013 anche rimedi erboristici o \u201cfatti in casa\u201d \u2013 deve essere sempre concordata con un ginecologo o un dermatologo, per esempio per evitare antiestetiche alterazioni della pigmentazione.<\/p>\n\n\n\n<p class=\" eplus-wrapper\">Anche durante i trattamenti estetici \u00e8 importante informare l\u2019estetista della gravidanza. Tecniche come i peeling chimici o a ultrasuoni andrebbero posticipate al periodo dopo il parto.<\/p>\n\n\n\n<h2 class=\" wp-block-heading eplus-wrapper\"><strong>Acne in gravidanza \u2013 maschio o femmina?<\/strong><\/h2>\n\n\n\n<p class=\" eplus-wrapper\">Secondo una credenza popolare, i problemi di pelle e i cambiamenti nei capelli e nelle unghie indicherebbero che si aspetta una femmina \u2013 perch\u00e9 \u201cla bambina ruba la bellezza alla madre\u201d. Anche se questa teoria non ha alcun fondamento scientifico, molte persone ci credono ancora. Alla fine, per\u00f2, si tratta solo di una superstizione: il sesso del bambino dovrebbe essere determinato tramite ecografia dal ginecologo.<\/p>\n\n\n\n<h2 class=\" wp-block-heading eplus-wrapper\"><strong>Altri problemi cutanei in gravidanza<\/strong><\/h2>\n\n\n\n<p class=\" eplus-wrapper\">Un disturbo cutaneo molto frequente tra le donne incinte \u00e8 il cosiddetto &#8220;maschera gravidica&#8221; (cloasma o melasma). Si tratta di macchie pigmentarie sul viso, soprattutto su naso, guance e fronte. L\u2019esposizione al sole pu\u00f2 accentuarle, e compaiono generalmente a partire dalla 16\u00aa settimana di gravidanza.<\/p>\n\n\n\n<p class=\" eplus-wrapper\">Queste alterazioni della pigmentazione sono causate da un aumento della deposizione di melanina. Oltre al viso, possono comparire anche intorno ai capezzoli e nella zona anale. Non possono essere prevenute.<\/p>\n\n\n\n<p class=\" eplus-wrapper\">Un altro sintomo spesso percepito come fastidioso \u00e8 la cosiddetta <em>linea nigra<\/em> \u2013 una linea scura che va dall\u2019ombelico al pube.<\/p>\n","protected":false},"excerpt":{"rendered":"<p>Contrariamente a quanto comunemente si pensa, l\u2019acne non \u00e8 una condizione che colpisce solo gli adolescenti e che pu\u00f2 essere associata esclusivamente alla pubert\u00e0. Pu\u00f2 infatti comparire anche durante la gravidanza. La causa principale sono i cambiamenti ormonali nel corpo della donna incinta. Ma come si pu\u00f2 trattare? E corrisponde al vero che sia un [&hellip;]<\/p>\n","protected":false},"author":4,"featured_media":8803,"template":"","pregnancy_zone_category":[95],"class_list":["post-8806","pregnancy_zone","type-pregnancy_zone","status-publish","has-post-thumbnail","hentry","pregnancy_zone_category-disturbi-della-gravidanza"],"acf":[],"yoast_head":"<!-- This site is optimized with the Yoast SEO plugin v27.5 - https:\/\/yoast.com\/product\/yoast-seo-wordpress\/ -->\n<title>Acne in gravidanza | FamiCord Suisse<\/title>\n<meta name=\"description\" content=\"L\u2019acne in gravidanza \u00e8 legata ai cambiamenti ormonali. Scoprite cause, trattamenti sicuri e miti comuni.\" \/>\n<meta name=\"robots\" content=\"index, follow, max-snippet:-1, max-image-preview:large, max-video-preview:-1\" \/>\n<link rel=\"canonical\" href=\"https:\/\/famicord.ch\/it\/pregnancy-zone-2\/disturbi-della-gravidanza\/acne\" \/>\n<meta property=\"og:locale\" content=\"it_IT\" \/>\n<meta property=\"og:type\" content=\"article\" \/>\n<meta property=\"og:title\" content=\"Acne in gravidanza | FamiCord Suisse\" \/>\n<meta property=\"og:description\" content=\"L\u2019acne in gravidanza \u00e8 legata ai cambiamenti ormonali. Scoprite cause, trattamenti sicuri e miti comuni.\" \/>\n<meta property=\"og:url\" content=\"https:\/\/famicord.ch\/it\/pregnancy-zone-2\/disturbi-della-gravidanza\/acne\" \/>\n<meta property=\"og:site_name\" content=\"Famicord Suisse\" \/>\n<meta property=\"article:modified_time\" content=\"2025-12-23T11:05:29+00:00\" \/>\n<meta property=\"og:image\" content=\"https:\/\/famicord.ch\/wp-content\/uploads\/2025\/05\/Akne.webp\" \/>\n\t<meta property=\"og:image:width\" content=\"640\" \/>\n\t<meta property=\"og:image:height\" content=\"427\" \/>\n\t<meta property=\"og:image:type\" content=\"image\/webp\" \/>\n<meta name=\"twitter:card\" content=\"summary_large_image\" \/>\n<meta name=\"twitter:label1\" content=\"Est. reading time\" \/>\n\t<meta name=\"twitter:data1\" content=\"4 minutes\" \/>\n<script type=\"application\/ld+json\" class=\"yoast-schema-graph\">{\"@context\":\"https:\\\/\\\/schema.org\",\"@graph\":[{\"@type\":\"WebPage\",\"@id\":\"https:\\\/\\\/famicord.ch\\\/it\\\/pregnancy-zone-2\\\/disturbi-della-gravidanza\\\/acne\",\"url\":\"https:\\\/\\\/famicord.ch\\\/it\\\/pregnancy-zone-2\\\/disturbi-della-gravidanza\\\/acne\",\"name\":\"Acne in gravidanza | FamiCord Suisse\",\"isPartOf\":{\"@id\":\"https:\\\/\\\/famicord.ch\\\/it#website\"},\"primaryImageOfPage\":{\"@id\":\"https:\\\/\\\/famicord.ch\\\/it\\\/pregnancy-zone-2\\\/disturbi-della-gravidanza\\\/acne#primaryimage\"},\"image\":{\"@id\":\"https:\\\/\\\/famicord.ch\\\/it\\\/pregnancy-zone-2\\\/disturbi-della-gravidanza\\\/acne#primaryimage\"},\"thumbnailUrl\":\"https:\\\/\\\/famicord.ch\\\/wp-content\\\/uploads\\\/2025\\\/05\\\/Akne.webp\",\"datePublished\":\"2025-05-22T07:30:00+00:00\",\"dateModified\":\"2025-12-23T11:05:29+00:00\",\"description\":\"L\u2019acne in gravidanza \u00e8 legata ai cambiamenti ormonali. Scoprite cause, trattamenti sicuri e miti comuni.\",\"breadcrumb\":{\"@id\":\"https:\\\/\\\/famicord.ch\\\/it\\\/pregnancy-zone-2\\\/disturbi-della-gravidanza\\\/acne#breadcrumb\"},\"inLanguage\":\"it-CH\",\"potentialAction\":[{\"@type\":\"ReadAction\",\"target\":[\"https:\\\/\\\/famicord.ch\\\/it\\\/pregnancy-zone-2\\\/disturbi-della-gravidanza\\\/acne\"]}]},{\"@type\":\"ImageObject\",\"inLanguage\":\"it-CH\",\"@id\":\"https:\\\/\\\/famicord.ch\\\/it\\\/pregnancy-zone-2\\\/disturbi-della-gravidanza\\\/acne#primaryimage\",\"url\":\"https:\\\/\\\/famicord.ch\\\/wp-content\\\/uploads\\\/2025\\\/05\\\/Akne.webp\",\"contentUrl\":\"https:\\\/\\\/famicord.ch\\\/wp-content\\\/uploads\\\/2025\\\/05\\\/Akne.webp\",\"width\":640,\"height\":427},{\"@type\":\"BreadcrumbList\",\"@id\":\"https:\\\/\\\/famicord.ch\\\/it\\\/pregnancy-zone-2\\\/disturbi-della-gravidanza\\\/acne#breadcrumb\",\"itemListElement\":[{\"@type\":\"ListItem\",\"position\":1,\"name\":\"Home\",\"item\":\"https:\\\/\\\/famicord.ch\\\/it\"},{\"@type\":\"ListItem\",\"position\":2,\"name\":\"FamiBlog\",\"item\":\"https:\\\/\\\/famicord.ch\\\/it\\\/pregnancy-zone-2\"},{\"@type\":\"ListItem\",\"position\":3,\"name\":\"Acne in gravidanza\"}]},{\"@type\":\"WebSite\",\"@id\":\"https:\\\/\\\/famicord.ch\\\/it#website\",\"url\":\"https:\\\/\\\/famicord.ch\\\/it\",\"name\":\"Famicord.ch\",\"description\":\"\",\"potentialAction\":[{\"@type\":\"SearchAction\",\"target\":{\"@type\":\"EntryPoint\",\"urlTemplate\":\"https:\\\/\\\/famicord.ch\\\/it?s={search_term_string}\"},\"query-input\":{\"@type\":\"PropertyValueSpecification\",\"valueRequired\":true,\"valueName\":\"search_term_string\"}}],\"inLanguage\":\"it-CH\"}]}<\/script>\n<!-- \/ Yoast SEO plugin. -->","yoast_head_json":{"title":"Acne in gravidanza | FamiCord Suisse","description":"L\u2019acne in gravidanza \u00e8 legata ai cambiamenti ormonali. Scoprite cause, trattamenti sicuri e miti comuni.","robots":{"index":"index","follow":"follow","max-snippet":"max-snippet:-1","max-image-preview":"max-image-preview:large","max-video-preview":"max-video-preview:-1"},"canonical":"https:\/\/famicord.ch\/it\/pregnancy-zone-2\/disturbi-della-gravidanza\/acne","og_locale":"it_IT","og_type":"article","og_title":"Acne in gravidanza | FamiCord Suisse","og_description":"L\u2019acne in gravidanza \u00e8 legata ai cambiamenti ormonali. Scoprite cause, trattamenti sicuri e miti comuni.","og_url":"https:\/\/famicord.ch\/it\/pregnancy-zone-2\/disturbi-della-gravidanza\/acne","og_site_name":"Famicord Suisse","article_modified_time":"2025-12-23T11:05:29+00:00","og_image":[{"width":640,"height":427,"url":"https:\/\/famicord.ch\/wp-content\/uploads\/2025\/05\/Akne.webp","type":"image\/webp"}],"twitter_card":"summary_large_image","twitter_misc":{"Est. reading time":"4 minutes"},"schema":{"@context":"https:\/\/schema.org","@graph":[{"@type":"WebPage","@id":"https:\/\/famicord.ch\/it\/pregnancy-zone-2\/disturbi-della-gravidanza\/acne","url":"https:\/\/famicord.ch\/it\/pregnancy-zone-2\/disturbi-della-gravidanza\/acne","name":"Acne in gravidanza | FamiCord Suisse","isPartOf":{"@id":"https:\/\/famicord.ch\/it#website"},"primaryImageOfPage":{"@id":"https:\/\/famicord.ch\/it\/pregnancy-zone-2\/disturbi-della-gravidanza\/acne#primaryimage"},"image":{"@id":"https:\/\/famicord.ch\/it\/pregnancy-zone-2\/disturbi-della-gravidanza\/acne#primaryimage"},"thumbnailUrl":"https:\/\/famicord.ch\/wp-content\/uploads\/2025\/05\/Akne.webp","datePublished":"2025-05-22T07:30:00+00:00","dateModified":"2025-12-23T11:05:29+00:00","description":"L\u2019acne in gravidanza \u00e8 legata ai cambiamenti ormonali. Scoprite cause, trattamenti sicuri e miti comuni.","breadcrumb":{"@id":"https:\/\/famicord.ch\/it\/pregnancy-zone-2\/disturbi-della-gravidanza\/acne#breadcrumb"},"inLanguage":"it-CH","potentialAction":[{"@type":"ReadAction","target":["https:\/\/famicord.ch\/it\/pregnancy-zone-2\/disturbi-della-gravidanza\/acne"]}]},{"@type":"ImageObject","inLanguage":"it-CH","@id":"https:\/\/famicord.ch\/it\/pregnancy-zone-2\/disturbi-della-gravidanza\/acne#primaryimage","url":"https:\/\/famicord.ch\/wp-content\/uploads\/2025\/05\/Akne.webp","contentUrl":"https:\/\/famicord.ch\/wp-content\/uploads\/2025\/05\/Akne.webp","width":640,"height":427},{"@type":"BreadcrumbList","@id":"https:\/\/famicord.ch\/it\/pregnancy-zone-2\/disturbi-della-gravidanza\/acne#breadcrumb","itemListElement":[{"@type":"ListItem","position":1,"name":"Home","item":"https:\/\/famicord.ch\/it"},{"@type":"ListItem","position":2,"name":"FamiBlog","item":"https:\/\/famicord.ch\/it\/pregnancy-zone-2"},{"@type":"ListItem","position":3,"name":"Acne in gravidanza"}]},{"@type":"WebSite","@id":"https:\/\/famicord.ch\/it#website","url":"https:\/\/famicord.ch\/it","name":"Famicord.ch","description":"","potentialAction":[{"@type":"SearchAction","target":{"@type":"EntryPoint","urlTemplate":"https:\/\/famicord.ch\/it?s={search_term_string}"},"query-input":{"@type":"PropertyValueSpecification","valueRequired":true,"valueName":"search_term_string"}}],"inLanguage":"it-CH"}]}},"_links":{"self":[{"href":"https:\/\/famicord.ch\/it\/wp-json\/wp\/v2\/pregnancy_zone\/8806","targetHints":{"allow":["GET"]}}],"collection":[{"href":"https:\/\/famicord.ch\/it\/wp-json\/wp\/v2\/pregnancy_zone"}],"about":[{"href":"https:\/\/famicord.ch\/it\/wp-json\/wp\/v2\/types\/pregnancy_zone"}],"author":[{"embeddable":true,"href":"https:\/\/famicord.ch\/it\/wp-json\/wp\/v2\/users\/4"}],"wp:featuredmedia":[{"embeddable":true,"href":"https:\/\/famicord.ch\/it\/wp-json\/wp\/v2\/media\/8803"}],"wp:attachment":[{"href":"https:\/\/famicord.ch\/it\/wp-json\/wp\/v2\/media?parent=8806"}],"wp:term":[{"taxonomy":"pregnancy_zone_category","embeddable":true,"href":"https:\/\/famicord.ch\/it\/wp-json\/wp\/v2\/pregnancy_zone_category?post=8806"}],"curies":[{"name":"wp","href":"https:\/\/api.w.org\/{rel}","templated":true}]}}

<p class=" eplus-wrapper">Contrariamente a quanto comunemente si pensa, l’acne non è una condizione che colpisce solo gli adolescenti e che può essere associata esclusivamente alla pubertà. Può infatti comparire anche durante la gravidanza. La causa principale sono i cambiamenti ormonali nel corpo della donna incinta. Ma come si può trattare? E corrisponde al vero che sia un segnale che si aspetta una bambina?</p>



<h2 class=" wp-block-heading eplus-wrapper"><strong>Cause dell’acne in gravidanza</strong></h2>



<p class=" eplus-wrapper">Durante la gravidanza, i livelli di progesterone e androgeni aumentano nel corpo della donna. Questo stimola le ghiandole sebacee e incrementa la produzione di sebo. Quando i pori delle ghiandole si ostruiscono, i batteri possono proliferare – e questo porta alla comparsa dell’acne. Si manifesta principalmente sul viso e sulla schiena, ed è più frequente nel primo trimestre. Spesso è accompagnata da capelli più grassi. Nel secondo e terzo trimestre, molte donne notano un miglioramento dell’aspetto della pelle, probabilmente grazie all’azione degli estrogeni.</p>



<p class=" eplus-wrapper">Anche lo stress e una dieta squilibrata possono influenzare negativamente la salute della pelle. È consigliabile evitare cioccolato e cibi molto speziati per ridurre il rischio di impurità cutanee, anche se durante la gravidanza sono comuni le voglie alimentari.</p>



<p class=" eplus-wrapper">Purtroppo, l’acne può persistere anche dopo il parto e continuare durante l’allattamento. Ciò è dovuto all’aumento dei livelli di prolattina, un ormone che regola la produzione di latte e sostiene lo sviluppo delle ghiandole mammarie.</p>



<h2 class=" wp-block-heading eplus-wrapper"><strong>Come trattare l’acne in gravidanza</strong></h2>



<p class=" eplus-wrapper">Trattare l’acne in gravidanza è complicato, poiché molti farmaci non sono sicuri per le donne incinte. I medicinali a base di derivati della vitamina A (retinoidi) sono teratogeni per il feto e possono causare gravi malformazioni. Inoltre, passano nel latte materno e sono quindi controindicati anche durante l’allattamento.</p>



<p class=" eplus-wrapper">Alle donne incinte non devono essere prescritti antibiotici come le tetracicline, normalmente utilizzati per trattare l’acne.</p>



<p class=" eplus-wrapper">Per questo è fondamentale una cura adeguata della pelle: usare creme adatte e detergere accuratamente il viso per evitare che residui di trucco o impurità ostruiscano i pori e favoriscano la comparsa di brufoli.</p>



<p class=" eplus-wrapper">L’assunzione di qualsiasi tipo di farmaco – anche rimedi erboristici o “fatti in casa” – deve essere sempre concordata con un ginecologo o un dermatologo, per esempio per evitare antiestetiche alterazioni della pigmentazione.</p>



<p class=" eplus-wrapper">Anche durante i trattamenti estetici è importante informare l’estetista della gravidanza. Tecniche come i peeling chimici o a ultrasuoni andrebbero posticipate al periodo dopo il parto.</p>



<h2 class=" wp-block-heading eplus-wrapper"><strong>Acne in gravidanza – maschio o femmina?</strong></h2>



<p class=" eplus-wrapper">Secondo una credenza popolare, i problemi di pelle e i cambiamenti nei capelli e nelle unghie indicherebbero che si aspetta una femmina – perché “la bambina ruba la bellezza alla madre”. Anche se questa teoria non ha alcun fondamento scientifico, molte persone ci credono ancora. Alla fine, però, si tratta solo di una superstizione: il sesso del bambino dovrebbe essere determinato tramite ecografia dal ginecologo.</p>



<h2 class=" wp-block-heading eplus-wrapper"><strong>Altri problemi cutanei in gravidanza</strong></h2>



<p class=" eplus-wrapper">Un disturbo cutaneo molto frequente tra le donne incinte è il cosiddetto &#8220;maschera gravidica&#8221; (cloasma o melasma). Si tratta di macchie pigmentarie sul viso, soprattutto su naso, guance e fronte. L’esposizione al sole può accentuarle, e compaiono generalmente a partire dalla 16ª settimana di gravidanza.</p>



<p class=" eplus-wrapper">Queste alterazioni della pigmentazione sono causate da un aumento della deposizione di melanina. Oltre al viso, possono comparire anche intorno ai capezzoli e nella zona anale. Non possono essere prevenute.</p>



<p class=" eplus-wrapper">Un altro sintomo spesso percepito come fastidioso è la cosiddetta <em>linea nigra</em> – una linea scura che va dall’ombelico al pube.</p>

<p>Contrariamente a quanto comunemente si pensa, l’acne non è una condizione che colpisce solo gli adolescenti e che può essere associata esclusivamente alla pubertà. Può infatti comparire anche durante la gravidanza. La causa principale sono i cambiamenti ormonali nel corpo della donna incinta. Ma come si può trattare? E corrisponde al vero che sia un [&hellip;]</p>

<!-- This site is optimized with the Yoast SEO plugin v27.5 - https://yoast.com/product/yoast-seo-wordpress/ -->
<title>Acne in gravidanza | FamiCord Suisse</title>
<meta name="description" content="L’acne in gravidanza è legata ai cambiamenti ormonali. Scoprite cause, trattamenti sicuri e miti comuni." />
<meta name="robots" content="index, follow, max-snippet:-1, max-image-preview:large, max-video-preview:-1" />
<link rel="canonical" href="https://famicord.ch/it/pregnancy-zone-2/disturbi-della-gravidanza/acne" />
<meta property="og:locale" content="it_IT" />
<meta property="og:type" content="article" />
<meta property="og:title" content="Acne in gravidanza | FamiCord Suisse" />
<meta property="og:description" content="L’acne in gravidanza è legata ai cambiamenti ormonali. Scoprite cause, trattamenti sicuri e miti comuni." />
<meta property="og:url" content="https://famicord.ch/it/pregnancy-zone-2/disturbi-della-gravidanza/acne" />
<meta property="og:site_name" content="Famicord Suisse" />
<meta property="article:modified_time" content="2025-12-23T11:05:29+00:00" />
<meta property="og:image" content="https://famicord.ch/wp-content/uploads/2025/05/Akne.webp" />
	<meta property="og:image:width" content="640" />
	<meta property="og:image:height" content="427" />
	<meta property="og:image:type" content="image/webp" />
<meta name="twitter:card" content="summary_large_image" />
<meta name="twitter:label1" content="Est. reading time" />
	<meta name="twitter:data1" content="4 minutes" />
<script type="application/ld+json" class="yoast-schema-graph">{"@context":"https:\/\/schema.org","@graph":[{"@type":"WebPage","@id":"https:\/\/famicord.ch\/it\/pregnancy-zone-2\/disturbi-della-gravidanza\/acne","url":"https:\/\/famicord.ch\/it\/pregnancy-zone-2\/disturbi-della-gravidanza\/acne","name":"Acne in gravidanza | FamiCord Suisse","isPartOf":{"@id":"https:\/\/famicord.ch\/it#website"},"primaryImageOfPage":{"@id":"https:\/\/famicord.ch\/it\/pregnancy-zone-2\/disturbi-della-gravidanza\/acne#primaryimage"},"image":{"@id":"https:\/\/famicord.ch\/it\/pregnancy-zone-2\/disturbi-della-gravidanza\/acne#primaryimage"},"thumbnailUrl":"https:\/\/famicord.ch\/wp-content\/uploads\/2025\/05\/Akne.webp","datePublished":"2025-05-22T07:30:00+00:00","dateModified":"2025-12-23T11:05:29+00:00","description":"L’acne in gravidanza è legata ai cambiamenti ormonali. Scoprite cause, trattamenti sicuri e miti comuni.","breadcrumb":{"@id":"https:\/\/famicord.ch\/it\/pregnancy-zone-2\/disturbi-della-gravidanza\/acne#breadcrumb"},"inLanguage":"it-CH","potentialAction":[{"@type":"ReadAction","target":["https:\/\/famicord.ch\/it\/pregnancy-zone-2\/disturbi-della-gravidanza\/acne"]}]},{"@type":"ImageObject","inLanguage":"it-CH","@id":"https:\/\/famicord.ch\/it\/pregnancy-zone-2\/disturbi-della-gravidanza\/acne#primaryimage","url":"https:\/\/famicord.ch\/wp-content\/uploads\/2025\/05\/Akne.webp","contentUrl":"https:\/\/famicord.ch\/wp-content\/uploads\/2025\/05\/Akne.webp","width":640,"height":427},{"@type":"BreadcrumbList","@id":"https:\/\/famicord.ch\/it\/pregnancy-zone-2\/disturbi-della-gravidanza\/acne#breadcrumb","itemListElement":[{"@type":"ListItem","position":1,"name":"Home","item":"https:\/\/famicord.ch\/it"},{"@type":"ListItem","position":2,"name":"FamiBlog","item":"https:\/\/famicord.ch\/it\/pregnancy-zone-2"},{"@type":"ListItem","position":3,"name":"Acne in gravidanza"}]},{"@type":"WebSite","@id":"https:\/\/famicord.ch\/it#website","url":"https:\/\/famicord.ch\/it","name":"Famicord.ch","description":"","potentialAction":[{"@type":"SearchAction","target":{"@type":"EntryPoint","urlTemplate":"https:\/\/famicord.ch\/it?s={search_term_string}"},"query-input":{"@type":"PropertyValueSpecification","valueRequired":true,"valueName":"search_term_string"}}],"inLanguage":"it-CH"}]}</script>
<!-- / Yoast SEO plugin. -->

L’acne in gravidanza è legata ai cambiamenti ormonali. Scoprite cause, trattamenti sicuri e miti comuni.
