{"id":6227,"date":"2024-04-03T07:53:35","date_gmt":"2024-04-03T05:53:35","guid":{"rendered":"https:\/\/wordpress-famicord-ch.empressia.dev\/pregnancy-zone-2\/%pregnancy_zone_category%\/eisenmangel-in-der-schwangerschaft"},"modified":"2026-01-06T09:18:04","modified_gmt":"2026-01-06T08:18:04","slug":"eisenmangel-in-der-schwangerschaft","status":"publish","type":"pregnancy_zone","link":"https:\/\/famicord.ch\/it\/pregnancy-zone-2\/disturbi-della-gravidanza\/eisenmangel-in-der-schwangerschaft","title":{"rendered":"Carenza di ferro in gravidanza"},"content":{"rendered":"<h2>Sintomi della carenza di ferro in gravidanza<\/h2>\n<p>La carenza di ferro, che pu\u00f2 portare a un&#8217;anemia microcitica, \u00e8 una complicazione comune in gravidanza. I sintomi includono debolezza, pallore, affaticamento rapido, letargia, mal di testa o difficolt\u00e0 di concentrazione. Possono anche verificarsi palpitazioni e mancanza di respiro. Tuttavia, molte future mamme non notano la carenza di ferro o non la associano ai sintomi della gravidanza, e l&#8217;anemia viene diagnosticata tramite un esame del sangue di routine. Ecco perch\u00e9 \u00e8 importante sottoporsi regolarmente agli esami prescritti dal ginecologo.<\/p>\n<h2>Trattamento della carenza di ferro in gravidanza<\/h2>\n<p>Il trattamento della carenza di ferro inizia con l&#8217;assunzione orale di integratori di ferro. A seconda del produttore, gli integratori devono essere presi a stomaco vuoto o insieme a un pasto. Si consiglia di consumare succhi d&#8217;arancia e cetriolini, poich\u00e9 la vitamina C migliora l&#8217;assorbimento del ferro.<\/p>\n<p>\u00c8 inoltre consigliabile consumare quotidianamente alimenti ricchi di ferro, come prezzemolo e carne.<\/p>\n<p>Se la futura mamma tollera male gli integratori orali di ferro, potrebbe essere necessaria una trasfusione di ferro per via endovenosa. Se i livelli di emoglobina sono molto bassi, potrebbe essere necessaria una trasfusione di sangue in ospedale.<\/p>\n<p><a href=\"https:\/\/famicord.ch\/it\/cellule-staminali\/cellule-staminali-tipi\">\u00a0<\/a><\/p>\n<h2>Carenza di ferro in gravidanza &#8211; complicazioni<\/h2>\n<p>La carenza di ferro in gravidanza pu\u00f2 avere un impatto negativo sul decorso della gravidanza. Aumenta il rischio di aborto spontaneo, parto prematuro e ritardo di crescita fetale. I neonati di donne anemiche hanno maggiori probabilit\u00e0 di avere punteggi Apgar pi\u00f9 bassi e c&#8217;\u00e8 un rischio maggiore di parto prematuro e anemia nel bambino.<\/p>\n<h2>Integratori di ferro in gravidanza<\/h2>\n<p>Sul mercato esistono diversi integratori di ferro che le donne in attesa possono assumere. I farmaci che hanno una composizione comprovata, a differenza degli integratori alimentari, sono considerati i pi\u00f9 efficaci. Per questo motivo, le donne in gravidanza dovrebbero assumere i farmaci prescritti dal medico. A volte ci vuole un po&#8217; di tempo per trovare il preparato giusto. Questo perch\u00e9 il ferro pu\u00f2 causare problemi gastrointestinali come diarrea e stitichezza.<\/p>\n","protected":false},"excerpt":{"rendered":"<p>La carenza di ferro \u00e8 la causa pi\u00f9 comune di anemia in gravidanza. Molte future mamme devono assumere integratori di ferro durante la gravidanza. Quali sono i sintomi della carenza di ferro in gravidanza e come si cura?<\/p>\n","protected":false},"author":2,"featured_media":5481,"template":"","pregnancy_zone_category":[95],"class_list":["post-6227","pregnancy_zone","type-pregnancy_zone","status-publish","has-post-thumbnail","hentry","pregnancy_zone_category-disturbi-della-gravidanza"],"acf":[],"yoast_head":"<!-- This site is optimized with the Yoast SEO plugin v27.5 - https:\/\/yoast.com\/product\/yoast-seo-wordpress\/ -->\n<title>Carenza di ferro in gravidanza: sintomi e cure | FamiCord<\/title>\n<meta name=\"description\" content=\"Carenza di ferro in gravidanza: sintomi principali, trattamento sicuro, integrazione del ferro e possibili complicanze.\" \/>\n<meta name=\"robots\" content=\"index, follow, max-snippet:-1, max-image-preview:large, max-video-preview:-1\" \/>\n<link rel=\"canonical\" href=\"https:\/\/famicord.ch\/it\/pregnancy-zone-2\/disturbi-della-gravidanza\/eisenmangel-in-der-schwangerschaft\" \/>\n<meta property=\"og:locale\" content=\"it_IT\" \/>\n<meta property=\"og:type\" content=\"article\" \/>\n<meta property=\"og:title\" content=\"Carenza di ferro in gravidanza: sintomi e cure | FamiCord\" \/>\n<meta property=\"og:description\" content=\"Carenza di ferro in gravidanza: sintomi principali, trattamento sicuro, integrazione del ferro e possibili complicanze.\" \/>\n<meta property=\"og:url\" content=\"https:\/\/famicord.ch\/it\/pregnancy-zone-2\/disturbi-della-gravidanza\/eisenmangel-in-der-schwangerschaft\" \/>\n<meta property=\"og:site_name\" content=\"Famicord Suisse\" \/>\n<meta property=\"article:modified_time\" content=\"2026-01-06T08:18:04+00:00\" \/>\n<meta property=\"og:image\" content=\"https:\/\/famicord.ch\/wp-content\/uploads\/2024\/08\/Eisenmangel.jpg\" \/>\n\t<meta property=\"og:image:width\" content=\"1124\" \/>\n\t<meta property=\"og:image:height\" content=\"749\" \/>\n\t<meta property=\"og:image:type\" content=\"image\/webp\" \/>\n<meta name=\"twitter:card\" content=\"summary_large_image\" \/>\n<meta name=\"twitter:label1\" content=\"Est. reading time\" \/>\n\t<meta name=\"twitter:data1\" content=\"3 minutes\" \/>\n<script type=\"application\/ld+json\" class=\"yoast-schema-graph\">{\"@context\":\"https:\\\/\\\/schema.org\",\"@graph\":[{\"@type\":\"WebPage\",\"@id\":\"https:\\\/\\\/famicord.ch\\\/it\\\/pregnancy-zone-2\\\/disturbi-della-gravidanza\\\/eisenmangel-in-der-schwangerschaft\",\"url\":\"https:\\\/\\\/famicord.ch\\\/it\\\/pregnancy-zone-2\\\/disturbi-della-gravidanza\\\/eisenmangel-in-der-schwangerschaft\",\"name\":\"Carenza di ferro in gravidanza: sintomi e cure | FamiCord\",\"isPartOf\":{\"@id\":\"https:\\\/\\\/famicord.ch\\\/it#website\"},\"primaryImageOfPage\":{\"@id\":\"https:\\\/\\\/famicord.ch\\\/it\\\/pregnancy-zone-2\\\/disturbi-della-gravidanza\\\/eisenmangel-in-der-schwangerschaft#primaryimage\"},\"image\":{\"@id\":\"https:\\\/\\\/famicord.ch\\\/it\\\/pregnancy-zone-2\\\/disturbi-della-gravidanza\\\/eisenmangel-in-der-schwangerschaft#primaryimage\"},\"thumbnailUrl\":\"https:\\\/\\\/famicord.ch\\\/wp-content\\\/uploads\\\/2024\\\/08\\\/Eisenmangel.jpg\",\"datePublished\":\"2024-04-03T05:53:35+00:00\",\"dateModified\":\"2026-01-06T08:18:04+00:00\",\"description\":\"Carenza di ferro in gravidanza: sintomi principali, trattamento sicuro, integrazione del ferro e possibili complicanze.\",\"breadcrumb\":{\"@id\":\"https:\\\/\\\/famicord.ch\\\/it\\\/pregnancy-zone-2\\\/disturbi-della-gravidanza\\\/eisenmangel-in-der-schwangerschaft#breadcrumb\"},\"inLanguage\":\"it-CH\",\"potentialAction\":[{\"@type\":\"ReadAction\",\"target\":[\"https:\\\/\\\/famicord.ch\\\/it\\\/pregnancy-zone-2\\\/disturbi-della-gravidanza\\\/eisenmangel-in-der-schwangerschaft\"]}]},{\"@type\":\"ImageObject\",\"inLanguage\":\"it-CH\",\"@id\":\"https:\\\/\\\/famicord.ch\\\/it\\\/pregnancy-zone-2\\\/disturbi-della-gravidanza\\\/eisenmangel-in-der-schwangerschaft#primaryimage\",\"url\":\"https:\\\/\\\/famicord.ch\\\/wp-content\\\/uploads\\\/2024\\\/08\\\/Eisenmangel.jpg\",\"contentUrl\":\"https:\\\/\\\/famicord.ch\\\/wp-content\\\/uploads\\\/2024\\\/08\\\/Eisenmangel.jpg\",\"width\":1124,\"height\":749},{\"@type\":\"BreadcrumbList\",\"@id\":\"https:\\\/\\\/famicord.ch\\\/it\\\/pregnancy-zone-2\\\/disturbi-della-gravidanza\\\/eisenmangel-in-der-schwangerschaft#breadcrumb\",\"itemListElement\":[{\"@type\":\"ListItem\",\"position\":1,\"name\":\"Home\",\"item\":\"https:\\\/\\\/famicord.ch\\\/it\"},{\"@type\":\"ListItem\",\"position\":2,\"name\":\"FamiBlog\",\"item\":\"https:\\\/\\\/famicord.ch\\\/it\\\/pregnancy-zone-2\"},{\"@type\":\"ListItem\",\"position\":3,\"name\":\"Carenza di ferro in gravidanza\"}]},{\"@type\":\"WebSite\",\"@id\":\"https:\\\/\\\/famicord.ch\\\/it#website\",\"url\":\"https:\\\/\\\/famicord.ch\\\/it\",\"name\":\"Famicord.ch\",\"description\":\"\",\"potentialAction\":[{\"@type\":\"SearchAction\",\"target\":{\"@type\":\"EntryPoint\",\"urlTemplate\":\"https:\\\/\\\/famicord.ch\\\/it?s={search_term_string}\"},\"query-input\":{\"@type\":\"PropertyValueSpecification\",\"valueRequired\":true,\"valueName\":\"search_term_string\"}}],\"inLanguage\":\"it-CH\"}]}<\/script>\n<!-- \/ Yoast SEO plugin. -->","yoast_head_json":{"title":"Carenza di ferro in gravidanza: sintomi e cure | FamiCord","description":"Carenza di ferro in gravidanza: sintomi principali, trattamento sicuro, integrazione del ferro e possibili complicanze.","robots":{"index":"index","follow":"follow","max-snippet":"max-snippet:-1","max-image-preview":"max-image-preview:large","max-video-preview":"max-video-preview:-1"},"canonical":"https:\/\/famicord.ch\/it\/pregnancy-zone-2\/disturbi-della-gravidanza\/eisenmangel-in-der-schwangerschaft","og_locale":"it_IT","og_type":"article","og_title":"Carenza di ferro in gravidanza: sintomi e cure | FamiCord","og_description":"Carenza di ferro in gravidanza: sintomi principali, trattamento sicuro, integrazione del ferro e possibili complicanze.","og_url":"https:\/\/famicord.ch\/it\/pregnancy-zone-2\/disturbi-della-gravidanza\/eisenmangel-in-der-schwangerschaft","og_site_name":"Famicord Suisse","article_modified_time":"2026-01-06T08:18:04+00:00","og_image":[{"width":1124,"height":749,"url":"https:\/\/famicord.ch\/wp-content\/uploads\/2024\/08\/Eisenmangel.jpg","type":"image\/webp"}],"twitter_card":"summary_large_image","twitter_misc":{"Est. reading time":"3 minutes"},"schema":{"@context":"https:\/\/schema.org","@graph":[{"@type":"WebPage","@id":"https:\/\/famicord.ch\/it\/pregnancy-zone-2\/disturbi-della-gravidanza\/eisenmangel-in-der-schwangerschaft","url":"https:\/\/famicord.ch\/it\/pregnancy-zone-2\/disturbi-della-gravidanza\/eisenmangel-in-der-schwangerschaft","name":"Carenza di ferro in gravidanza: sintomi e cure | FamiCord","isPartOf":{"@id":"https:\/\/famicord.ch\/it#website"},"primaryImageOfPage":{"@id":"https:\/\/famicord.ch\/it\/pregnancy-zone-2\/disturbi-della-gravidanza\/eisenmangel-in-der-schwangerschaft#primaryimage"},"image":{"@id":"https:\/\/famicord.ch\/it\/pregnancy-zone-2\/disturbi-della-gravidanza\/eisenmangel-in-der-schwangerschaft#primaryimage"},"thumbnailUrl":"https:\/\/famicord.ch\/wp-content\/uploads\/2024\/08\/Eisenmangel.jpg","datePublished":"2024-04-03T05:53:35+00:00","dateModified":"2026-01-06T08:18:04+00:00","description":"Carenza di ferro in gravidanza: sintomi principali, trattamento sicuro, integrazione del ferro e possibili complicanze.","breadcrumb":{"@id":"https:\/\/famicord.ch\/it\/pregnancy-zone-2\/disturbi-della-gravidanza\/eisenmangel-in-der-schwangerschaft#breadcrumb"},"inLanguage":"it-CH","potentialAction":[{"@type":"ReadAction","target":["https:\/\/famicord.ch\/it\/pregnancy-zone-2\/disturbi-della-gravidanza\/eisenmangel-in-der-schwangerschaft"]}]},{"@type":"ImageObject","inLanguage":"it-CH","@id":"https:\/\/famicord.ch\/it\/pregnancy-zone-2\/disturbi-della-gravidanza\/eisenmangel-in-der-schwangerschaft#primaryimage","url":"https:\/\/famicord.ch\/wp-content\/uploads\/2024\/08\/Eisenmangel.jpg","contentUrl":"https:\/\/famicord.ch\/wp-content\/uploads\/2024\/08\/Eisenmangel.jpg","width":1124,"height":749},{"@type":"BreadcrumbList","@id":"https:\/\/famicord.ch\/it\/pregnancy-zone-2\/disturbi-della-gravidanza\/eisenmangel-in-der-schwangerschaft#breadcrumb","itemListElement":[{"@type":"ListItem","position":1,"name":"Home","item":"https:\/\/famicord.ch\/it"},{"@type":"ListItem","position":2,"name":"FamiBlog","item":"https:\/\/famicord.ch\/it\/pregnancy-zone-2"},{"@type":"ListItem","position":3,"name":"Carenza di ferro in gravidanza"}]},{"@type":"WebSite","@id":"https:\/\/famicord.ch\/it#website","url":"https:\/\/famicord.ch\/it","name":"Famicord.ch","description":"","potentialAction":[{"@type":"SearchAction","target":{"@type":"EntryPoint","urlTemplate":"https:\/\/famicord.ch\/it?s={search_term_string}"},"query-input":{"@type":"PropertyValueSpecification","valueRequired":true,"valueName":"search_term_string"}}],"inLanguage":"it-CH"}]}},"_links":{"self":[{"href":"https:\/\/famicord.ch\/it\/wp-json\/wp\/v2\/pregnancy_zone\/6227","targetHints":{"allow":["GET"]}}],"collection":[{"href":"https:\/\/famicord.ch\/it\/wp-json\/wp\/v2\/pregnancy_zone"}],"about":[{"href":"https:\/\/famicord.ch\/it\/wp-json\/wp\/v2\/types\/pregnancy_zone"}],"author":[{"embeddable":true,"href":"https:\/\/famicord.ch\/it\/wp-json\/wp\/v2\/users\/2"}],"wp:featuredmedia":[{"embeddable":true,"href":"https:\/\/famicord.ch\/it\/wp-json\/wp\/v2\/media\/5481"}],"wp:attachment":[{"href":"https:\/\/famicord.ch\/it\/wp-json\/wp\/v2\/media?parent=6227"}],"wp:term":[{"taxonomy":"pregnancy_zone_category","embeddable":true,"href":"https:\/\/famicord.ch\/it\/wp-json\/wp\/v2\/pregnancy_zone_category?post=6227"}],"curies":[{"name":"wp","href":"https:\/\/api.w.org\/{rel}","templated":true}]}}

<h2>Sintomi della carenza di ferro in gravidanza</h2>
<p>La carenza di ferro, che può portare a un&#8217;anemia microcitica, è una complicazione comune in gravidanza. I sintomi includono debolezza, pallore, affaticamento rapido, letargia, mal di testa o difficoltà di concentrazione. Possono anche verificarsi palpitazioni e mancanza di respiro. Tuttavia, molte future mamme non notano la carenza di ferro o non la associano ai sintomi della gravidanza, e l&#8217;anemia viene diagnosticata tramite un esame del sangue di routine. Ecco perché è importante sottoporsi regolarmente agli esami prescritti dal ginecologo.</p>
<h2>Trattamento della carenza di ferro in gravidanza</h2>
<p>Il trattamento della carenza di ferro inizia con l&#8217;assunzione orale di integratori di ferro. A seconda del produttore, gli integratori devono essere presi a stomaco vuoto o insieme a un pasto. Si consiglia di consumare succhi d&#8217;arancia e cetriolini, poiché la vitamina C migliora l&#8217;assorbimento del ferro.</p>
<p>È inoltre consigliabile consumare quotidianamente alimenti ricchi di ferro, come prezzemolo e carne.</p>
<p>Se la futura mamma tollera male gli integratori orali di ferro, potrebbe essere necessaria una trasfusione di ferro per via endovenosa. Se i livelli di emoglobina sono molto bassi, potrebbe essere necessaria una trasfusione di sangue in ospedale.</p>
<p><a href="https://famicord.ch/it/cellule-staminali/cellule-staminali-tipi"> </a></p>
<h2>Carenza di ferro in gravidanza &#8211; complicazioni</h2>
<p>La carenza di ferro in gravidanza può avere un impatto negativo sul decorso della gravidanza. Aumenta il rischio di aborto spontaneo, parto prematuro e ritardo di crescita fetale. I neonati di donne anemiche hanno maggiori probabilità di avere punteggi Apgar più bassi e c&#8217;è un rischio maggiore di parto prematuro e anemia nel bambino.</p>
<h2>Integratori di ferro in gravidanza</h2>
<p>Sul mercato esistono diversi integratori di ferro che le donne in attesa possono assumere. I farmaci che hanno una composizione comprovata, a differenza degli integratori alimentari, sono considerati i più efficaci. Per questo motivo, le donne in gravidanza dovrebbero assumere i farmaci prescritti dal medico. A volte ci vuole un po&#8217; di tempo per trovare il preparato giusto. Questo perché il ferro può causare problemi gastrointestinali come diarrea e stitichezza.</p>

<p>La carenza di ferro è la causa più comune di anemia in gravidanza. Molte future mamme devono assumere integratori di ferro durante la gravidanza. Quali sono i sintomi della carenza di ferro in gravidanza e come si cura?</p>
