{"id":6222,"date":"2024-03-20T08:53:35","date_gmt":"2024-03-20T07:53:35","guid":{"rendered":"https:\/\/wordpress-famicord-ch.empressia.dev\/pregnancy-zone-2\/%pregnancy_zone_category%\/verkuerzung-des-gebaermutterhalses"},"modified":"2026-01-06T10:00:32","modified_gmt":"2026-01-06T09:00:32","slug":"verkuerzung-des-gebaermutterhalses","status":"publish","type":"pregnancy_zone","link":"https:\/\/famicord.ch\/it\/pregnancy-zone-2\/disturbi-della-gravidanza\/verkuerzung-des-gebaermutterhalses","title":{"rendered":"Accorciamento della cervice"},"content":{"rendered":"<h2><strong>Cause dell&#8217;accorciamento del collo dell&#8217;utero<\/strong><\/h2>\n<p>Il collo dell&#8217;utero accorciato \u00e8 motivo di preoccupazione per molte future mamme. \u00c8 infatti una delle cause di parto prematuro e quindi comporta il rischio di complicazioni associate al parto prematuro. La cervice corta viene diagnosticata se \u00e8 pi\u00f9 corta di 25 mm prima della 24a settimana di gravidanza.<\/p>\n<p>I fattori di rischio per un accorciamento del collo dell&#8217;utero durante la gravidanza includono:<\/p>\n<ul>\n<li>Anamnesi di conizzazione cervicale<\/li>\n<li>Trattamenti cervicali<\/li>\n<li>Gravidanza multipla<\/li>\n<li>Ernia cervicale durante un parto precedente<\/li>\n<li>Malformazioni della cervice o dell&#8217;utero<\/li>\n<\/ul>\n<h2><strong>Sintomi di accorciamento del collo dell&#8217;utero<\/strong><\/h2>\n<p>Un accorciamento cervicale pu\u00f2 essere asintomatico. A volte, la futura madre pu\u00f2 avvertire dolori nella parte inferiore dell&#8217;addome, nella zona lombare o una sensazione di pressione nell&#8217;area perineale. Nella maggior parte dei casi, un collo dell&#8217;utero accorciato viene rilevato tramite un&#8217;ecografia. Il medico ne valuta la lunghezza solitamente con una sonda vaginale, ed \u00e8 rilevante fino alla 25\u00aa o 26\u00aa settimana di gravidanza. Successivamente, non \u00e8 pi\u00f9 raccomandata la misurazione di routine del collo dell&#8217;utero tramite ecografia, poich\u00e9 fisiologicamente il collo dell&#8217;utero si accorcia gradualmente nel terzo trimestre, fino al momento del parto.<\/p>\n<h2>Trattamento dell&#8217;accorciamento del collo dell&#8217;utero<\/h2>\n<p>Il trattamento dell&#8217;accorciamento del collo dell&#8217;utero consiste principalmente nell&#8217;uso del progesterone e nell&#8217;applicazione di un cerchiaggio cervicale per prevenire ulteriori accorciamenti e dilatazioni. Attualmente, il riposo a letto non \u00e8 raccomandato, poich\u00e9 non porta benefici nelle donne in gravidanza con collo dell&#8217;utero accorciato e aumenta il rischio di tromboembolia. Se il collo dell&#8217;utero si accorcia sotto i 25 mm prima della 24\u00aa settimana, ogni futura madre dovrebbe applicare progesterone per via vaginale. Se il ginecologo rileva un accorciamento del collo dell&#8217;utero e c&#8217;\u00e8 gi\u00e0 stato un parto prematuro o un aborto spontaneo, si consiglia il cerchiaggio circolare.<\/p>\n","protected":false},"excerpt":{"rendered":"<p>L&#8217;accorciamento della cervice \u00e8 uno dei sintomi che si verificano fisiologicamente prima del travaglio. Tuttavia, a volte accade che la cervice si accorci troppo presto, il che pu\u00f2 portare a un travaglio prematuro. Quali sono i sintomi dell&#8217;accorciamento della cervice?<\/p>\n","protected":false},"author":2,"featured_media":5451,"template":"","pregnancy_zone_category":[95],"class_list":["post-6222","pregnancy_zone","type-pregnancy_zone","status-publish","has-post-thumbnail","hentry","pregnancy_zone_category-disturbi-della-gravidanza"],"acf":[],"yoast_head":"<!-- This site is optimized with the Yoast SEO plugin v27.5 - https:\/\/yoast.com\/product\/yoast-seo-wordpress\/ -->\n<title>Accorciamento del collo dell\u2019utero in gravidanza | FamiCord<\/title>\n<meta name=\"description\" content=\"L\u2019accorciamento del collo dell\u2019utero pu\u00f2 aumentare il rischio di parto prematuro. Scopri cause, sintomi e opzioni di trattamento.\" \/>\n<meta name=\"robots\" content=\"index, follow, max-snippet:-1, max-image-preview:large, max-video-preview:-1\" \/>\n<link rel=\"canonical\" href=\"https:\/\/famicord.ch\/it\/pregnancy-zone-2\/disturbi-della-gravidanza\/verkuerzung-des-gebaermutterhalses\" \/>\n<meta property=\"og:locale\" content=\"it_IT\" \/>\n<meta property=\"og:type\" content=\"article\" \/>\n<meta property=\"og:title\" content=\"Accorciamento del collo dell\u2019utero in gravidanza | FamiCord\" \/>\n<meta property=\"og:description\" content=\"L\u2019accorciamento del collo dell\u2019utero pu\u00f2 aumentare il rischio di parto prematuro. Scopri cause, sintomi e opzioni di trattamento.\" \/>\n<meta property=\"og:url\" content=\"https:\/\/famicord.ch\/it\/pregnancy-zone-2\/disturbi-della-gravidanza\/verkuerzung-des-gebaermutterhalses\" \/>\n<meta property=\"og:site_name\" content=\"Famicord Suisse\" \/>\n<meta property=\"article:modified_time\" content=\"2026-01-06T09:00:32+00:00\" \/>\n<meta property=\"og:image\" content=\"https:\/\/famicord.ch\/wp-content\/uploads\/2024\/08\/Verkuerzung_Gebaermutterhals.jpg\" \/>\n\t<meta property=\"og:image:width\" content=\"1500\" \/>\n\t<meta property=\"og:image:height\" content=\"1000\" \/>\n\t<meta property=\"og:image:type\" content=\"image\/webp\" \/>\n<meta name=\"twitter:card\" content=\"summary_large_image\" \/>\n<meta name=\"twitter:label1\" content=\"Est. reading time\" \/>\n\t<meta name=\"twitter:data1\" content=\"2 minutes\" \/>\n<script type=\"application\/ld+json\" class=\"yoast-schema-graph\">{\"@context\":\"https:\\\/\\\/schema.org\",\"@graph\":[{\"@type\":\"WebPage\",\"@id\":\"https:\\\/\\\/famicord.ch\\\/it\\\/pregnancy-zone-2\\\/disturbi-della-gravidanza\\\/verkuerzung-des-gebaermutterhalses\",\"url\":\"https:\\\/\\\/famicord.ch\\\/it\\\/pregnancy-zone-2\\\/disturbi-della-gravidanza\\\/verkuerzung-des-gebaermutterhalses\",\"name\":\"Accorciamento del collo dell\u2019utero in gravidanza | FamiCord\",\"isPartOf\":{\"@id\":\"https:\\\/\\\/famicord.ch\\\/it#website\"},\"primaryImageOfPage\":{\"@id\":\"https:\\\/\\\/famicord.ch\\\/it\\\/pregnancy-zone-2\\\/disturbi-della-gravidanza\\\/verkuerzung-des-gebaermutterhalses#primaryimage\"},\"image\":{\"@id\":\"https:\\\/\\\/famicord.ch\\\/it\\\/pregnancy-zone-2\\\/disturbi-della-gravidanza\\\/verkuerzung-des-gebaermutterhalses#primaryimage\"},\"thumbnailUrl\":\"https:\\\/\\\/famicord.ch\\\/wp-content\\\/uploads\\\/2024\\\/08\\\/Verkuerzung_Gebaermutterhals.jpg\",\"datePublished\":\"2024-03-20T07:53:35+00:00\",\"dateModified\":\"2026-01-06T09:00:32+00:00\",\"description\":\"L\u2019accorciamento del collo dell\u2019utero pu\u00f2 aumentare il rischio di parto prematuro. Scopri cause, sintomi e opzioni di trattamento.\",\"breadcrumb\":{\"@id\":\"https:\\\/\\\/famicord.ch\\\/it\\\/pregnancy-zone-2\\\/disturbi-della-gravidanza\\\/verkuerzung-des-gebaermutterhalses#breadcrumb\"},\"inLanguage\":\"it-CH\",\"potentialAction\":[{\"@type\":\"ReadAction\",\"target\":[\"https:\\\/\\\/famicord.ch\\\/it\\\/pregnancy-zone-2\\\/disturbi-della-gravidanza\\\/verkuerzung-des-gebaermutterhalses\"]}]},{\"@type\":\"ImageObject\",\"inLanguage\":\"it-CH\",\"@id\":\"https:\\\/\\\/famicord.ch\\\/it\\\/pregnancy-zone-2\\\/disturbi-della-gravidanza\\\/verkuerzung-des-gebaermutterhalses#primaryimage\",\"url\":\"https:\\\/\\\/famicord.ch\\\/wp-content\\\/uploads\\\/2024\\\/08\\\/Verkuerzung_Gebaermutterhals.jpg\",\"contentUrl\":\"https:\\\/\\\/famicord.ch\\\/wp-content\\\/uploads\\\/2024\\\/08\\\/Verkuerzung_Gebaermutterhals.jpg\",\"width\":1500,\"height\":1000},{\"@type\":\"BreadcrumbList\",\"@id\":\"https:\\\/\\\/famicord.ch\\\/it\\\/pregnancy-zone-2\\\/disturbi-della-gravidanza\\\/verkuerzung-des-gebaermutterhalses#breadcrumb\",\"itemListElement\":[{\"@type\":\"ListItem\",\"position\":1,\"name\":\"Home\",\"item\":\"https:\\\/\\\/famicord.ch\\\/it\"},{\"@type\":\"ListItem\",\"position\":2,\"name\":\"FamiBlog\",\"item\":\"https:\\\/\\\/famicord.ch\\\/it\\\/pregnancy-zone-2\"},{\"@type\":\"ListItem\",\"position\":3,\"name\":\"Accorciamento della cervice\"}]},{\"@type\":\"WebSite\",\"@id\":\"https:\\\/\\\/famicord.ch\\\/it#website\",\"url\":\"https:\\\/\\\/famicord.ch\\\/it\",\"name\":\"Famicord.ch\",\"description\":\"\",\"potentialAction\":[{\"@type\":\"SearchAction\",\"target\":{\"@type\":\"EntryPoint\",\"urlTemplate\":\"https:\\\/\\\/famicord.ch\\\/it?s={search_term_string}\"},\"query-input\":{\"@type\":\"PropertyValueSpecification\",\"valueRequired\":true,\"valueName\":\"search_term_string\"}}],\"inLanguage\":\"it-CH\"}]}<\/script>\n<!-- \/ Yoast SEO plugin. -->","yoast_head_json":{"title":"Accorciamento del collo dell\u2019utero in gravidanza | FamiCord","description":"L\u2019accorciamento del collo dell\u2019utero pu\u00f2 aumentare il rischio di parto prematuro. Scopri cause, sintomi e opzioni di trattamento.","robots":{"index":"index","follow":"follow","max-snippet":"max-snippet:-1","max-image-preview":"max-image-preview:large","max-video-preview":"max-video-preview:-1"},"canonical":"https:\/\/famicord.ch\/it\/pregnancy-zone-2\/disturbi-della-gravidanza\/verkuerzung-des-gebaermutterhalses","og_locale":"it_IT","og_type":"article","og_title":"Accorciamento del collo dell\u2019utero in gravidanza | FamiCord","og_description":"L\u2019accorciamento del collo dell\u2019utero pu\u00f2 aumentare il rischio di parto prematuro. Scopri cause, sintomi e opzioni di trattamento.","og_url":"https:\/\/famicord.ch\/it\/pregnancy-zone-2\/disturbi-della-gravidanza\/verkuerzung-des-gebaermutterhalses","og_site_name":"Famicord Suisse","article_modified_time":"2026-01-06T09:00:32+00:00","og_image":[{"width":1500,"height":1000,"url":"https:\/\/famicord.ch\/wp-content\/uploads\/2024\/08\/Verkuerzung_Gebaermutterhals.jpg","type":"image\/webp"}],"twitter_card":"summary_large_image","twitter_misc":{"Est. reading time":"2 minutes"},"schema":{"@context":"https:\/\/schema.org","@graph":[{"@type":"WebPage","@id":"https:\/\/famicord.ch\/it\/pregnancy-zone-2\/disturbi-della-gravidanza\/verkuerzung-des-gebaermutterhalses","url":"https:\/\/famicord.ch\/it\/pregnancy-zone-2\/disturbi-della-gravidanza\/verkuerzung-des-gebaermutterhalses","name":"Accorciamento del collo dell\u2019utero in gravidanza | FamiCord","isPartOf":{"@id":"https:\/\/famicord.ch\/it#website"},"primaryImageOfPage":{"@id":"https:\/\/famicord.ch\/it\/pregnancy-zone-2\/disturbi-della-gravidanza\/verkuerzung-des-gebaermutterhalses#primaryimage"},"image":{"@id":"https:\/\/famicord.ch\/it\/pregnancy-zone-2\/disturbi-della-gravidanza\/verkuerzung-des-gebaermutterhalses#primaryimage"},"thumbnailUrl":"https:\/\/famicord.ch\/wp-content\/uploads\/2024\/08\/Verkuerzung_Gebaermutterhals.jpg","datePublished":"2024-03-20T07:53:35+00:00","dateModified":"2026-01-06T09:00:32+00:00","description":"L\u2019accorciamento del collo dell\u2019utero pu\u00f2 aumentare il rischio di parto prematuro. Scopri cause, sintomi e opzioni di trattamento.","breadcrumb":{"@id":"https:\/\/famicord.ch\/it\/pregnancy-zone-2\/disturbi-della-gravidanza\/verkuerzung-des-gebaermutterhalses#breadcrumb"},"inLanguage":"it-CH","potentialAction":[{"@type":"ReadAction","target":["https:\/\/famicord.ch\/it\/pregnancy-zone-2\/disturbi-della-gravidanza\/verkuerzung-des-gebaermutterhalses"]}]},{"@type":"ImageObject","inLanguage":"it-CH","@id":"https:\/\/famicord.ch\/it\/pregnancy-zone-2\/disturbi-della-gravidanza\/verkuerzung-des-gebaermutterhalses#primaryimage","url":"https:\/\/famicord.ch\/wp-content\/uploads\/2024\/08\/Verkuerzung_Gebaermutterhals.jpg","contentUrl":"https:\/\/famicord.ch\/wp-content\/uploads\/2024\/08\/Verkuerzung_Gebaermutterhals.jpg","width":1500,"height":1000},{"@type":"BreadcrumbList","@id":"https:\/\/famicord.ch\/it\/pregnancy-zone-2\/disturbi-della-gravidanza\/verkuerzung-des-gebaermutterhalses#breadcrumb","itemListElement":[{"@type":"ListItem","position":1,"name":"Home","item":"https:\/\/famicord.ch\/it"},{"@type":"ListItem","position":2,"name":"FamiBlog","item":"https:\/\/famicord.ch\/it\/pregnancy-zone-2"},{"@type":"ListItem","position":3,"name":"Accorciamento della cervice"}]},{"@type":"WebSite","@id":"https:\/\/famicord.ch\/it#website","url":"https:\/\/famicord.ch\/it","name":"Famicord.ch","description":"","potentialAction":[{"@type":"SearchAction","target":{"@type":"EntryPoint","urlTemplate":"https:\/\/famicord.ch\/it?s={search_term_string}"},"query-input":{"@type":"PropertyValueSpecification","valueRequired":true,"valueName":"search_term_string"}}],"inLanguage":"it-CH"}]}},"_links":{"self":[{"href":"https:\/\/famicord.ch\/it\/wp-json\/wp\/v2\/pregnancy_zone\/6222","targetHints":{"allow":["GET"]}}],"collection":[{"href":"https:\/\/famicord.ch\/it\/wp-json\/wp\/v2\/pregnancy_zone"}],"about":[{"href":"https:\/\/famicord.ch\/it\/wp-json\/wp\/v2\/types\/pregnancy_zone"}],"author":[{"embeddable":true,"href":"https:\/\/famicord.ch\/it\/wp-json\/wp\/v2\/users\/2"}],"wp:featuredmedia":[{"embeddable":true,"href":"https:\/\/famicord.ch\/it\/wp-json\/wp\/v2\/media\/5451"}],"wp:attachment":[{"href":"https:\/\/famicord.ch\/it\/wp-json\/wp\/v2\/media?parent=6222"}],"wp:term":[{"taxonomy":"pregnancy_zone_category","embeddable":true,"href":"https:\/\/famicord.ch\/it\/wp-json\/wp\/v2\/pregnancy_zone_category?post=6222"}],"curies":[{"name":"wp","href":"https:\/\/api.w.org\/{rel}","templated":true}]}}

<h2><strong>Cause dell&#8217;accorciamento del collo dell&#8217;utero</strong></h2>
<p>Il collo dell&#8217;utero accorciato è motivo di preoccupazione per molte future mamme. È infatti una delle cause di parto prematuro e quindi comporta il rischio di complicazioni associate al parto prematuro. La cervice corta viene diagnosticata se è più corta di 25 mm prima della 24a settimana di gravidanza.</p>
<p>I fattori di rischio per un accorciamento del collo dell&#8217;utero durante la gravidanza includono:</p>
<ul>
<li>Anamnesi di conizzazione cervicale</li>
<li>Trattamenti cervicali</li>
<li>Gravidanza multipla</li>
<li>Ernia cervicale durante un parto precedente</li>
<li>Malformazioni della cervice o dell&#8217;utero</li>
</ul>
<h2><strong>Sintomi di accorciamento del collo dell&#8217;utero</strong></h2>
<p>Un accorciamento cervicale può essere asintomatico. A volte, la futura madre può avvertire dolori nella parte inferiore dell&#8217;addome, nella zona lombare o una sensazione di pressione nell&#8217;area perineale. Nella maggior parte dei casi, un collo dell&#8217;utero accorciato viene rilevato tramite un&#8217;ecografia. Il medico ne valuta la lunghezza solitamente con una sonda vaginale, ed è rilevante fino alla 25ª o 26ª settimana di gravidanza. Successivamente, non è più raccomandata la misurazione di routine del collo dell&#8217;utero tramite ecografia, poiché fisiologicamente il collo dell&#8217;utero si accorcia gradualmente nel terzo trimestre, fino al momento del parto.</p>
<h2>Trattamento dell&#8217;accorciamento del collo dell&#8217;utero</h2>
<p>Il trattamento dell&#8217;accorciamento del collo dell&#8217;utero consiste principalmente nell&#8217;uso del progesterone e nell&#8217;applicazione di un cerchiaggio cervicale per prevenire ulteriori accorciamenti e dilatazioni. Attualmente, il riposo a letto non è raccomandato, poiché non porta benefici nelle donne in gravidanza con collo dell&#8217;utero accorciato e aumenta il rischio di tromboembolia. Se il collo dell&#8217;utero si accorcia sotto i 25 mm prima della 24ª settimana, ogni futura madre dovrebbe applicare progesterone per via vaginale. Se il ginecologo rileva un accorciamento del collo dell&#8217;utero e c&#8217;è già stato un parto prematuro o un aborto spontaneo, si consiglia il cerchiaggio circolare.</p>

<p>L&#8217;accorciamento della cervice è uno dei sintomi che si verificano fisiologicamente prima del travaglio. Tuttavia, a volte accade che la cervice si accorci troppo presto, il che può portare a un travaglio prematuro. Quali sono i sintomi dell&#8217;accorciamento della cervice?</p>

<!-- This site is optimized with the Yoast SEO plugin v27.5 - https://yoast.com/product/yoast-seo-wordpress/ -->
<title>Accorciamento del collo dell’utero in gravidanza | FamiCord</title>
<meta name="description" content="L’accorciamento del collo dell’utero può aumentare il rischio di parto prematuro. Scopri cause, sintomi e opzioni di trattamento." />
<meta name="robots" content="index, follow, max-snippet:-1, max-image-preview:large, max-video-preview:-1" />
<link rel="canonical" href="https://famicord.ch/it/pregnancy-zone-2/disturbi-della-gravidanza/verkuerzung-des-gebaermutterhalses" />
<meta property="og:locale" content="it_IT" />
<meta property="og:type" content="article" />
<meta property="og:title" content="Accorciamento del collo dell’utero in gravidanza | FamiCord" />
<meta property="og:description" content="L’accorciamento del collo dell’utero può aumentare il rischio di parto prematuro. Scopri cause, sintomi e opzioni di trattamento." />
<meta property="og:url" content="https://famicord.ch/it/pregnancy-zone-2/disturbi-della-gravidanza/verkuerzung-des-gebaermutterhalses" />
<meta property="og:site_name" content="Famicord Suisse" />
<meta property="article:modified_time" content="2026-01-06T09:00:32+00:00" />
<meta property="og:image" content="https://famicord.ch/wp-content/uploads/2024/08/Verkuerzung_Gebaermutterhals.jpg" />
	<meta property="og:image:width" content="1500" />
	<meta property="og:image:height" content="1000" />
	<meta property="og:image:type" content="image/webp" />
<meta name="twitter:card" content="summary_large_image" />
<meta name="twitter:label1" content="Est. reading time" />
	<meta name="twitter:data1" content="2 minutes" />
<script type="application/ld+json" class="yoast-schema-graph">{"@context":"https:\/\/schema.org","@graph":[{"@type":"WebPage","@id":"https:\/\/famicord.ch\/it\/pregnancy-zone-2\/disturbi-della-gravidanza\/verkuerzung-des-gebaermutterhalses","url":"https:\/\/famicord.ch\/it\/pregnancy-zone-2\/disturbi-della-gravidanza\/verkuerzung-des-gebaermutterhalses","name":"Accorciamento del collo dell’utero in gravidanza | FamiCord","isPartOf":{"@id":"https:\/\/famicord.ch\/it#website"},"primaryImageOfPage":{"@id":"https:\/\/famicord.ch\/it\/pregnancy-zone-2\/disturbi-della-gravidanza\/verkuerzung-des-gebaermutterhalses#primaryimage"},"image":{"@id":"https:\/\/famicord.ch\/it\/pregnancy-zone-2\/disturbi-della-gravidanza\/verkuerzung-des-gebaermutterhalses#primaryimage"},"thumbnailUrl":"https:\/\/famicord.ch\/wp-content\/uploads\/2024\/08\/Verkuerzung_Gebaermutterhals.jpg","datePublished":"2024-03-20T07:53:35+00:00","dateModified":"2026-01-06T09:00:32+00:00","description":"L’accorciamento del collo dell’utero può aumentare il rischio di parto prematuro. Scopri cause, sintomi e opzioni di trattamento.","breadcrumb":{"@id":"https:\/\/famicord.ch\/it\/pregnancy-zone-2\/disturbi-della-gravidanza\/verkuerzung-des-gebaermutterhalses#breadcrumb"},"inLanguage":"it-CH","potentialAction":[{"@type":"ReadAction","target":["https:\/\/famicord.ch\/it\/pregnancy-zone-2\/disturbi-della-gravidanza\/verkuerzung-des-gebaermutterhalses"]}]},{"@type":"ImageObject","inLanguage":"it-CH","@id":"https:\/\/famicord.ch\/it\/pregnancy-zone-2\/disturbi-della-gravidanza\/verkuerzung-des-gebaermutterhalses#primaryimage","url":"https:\/\/famicord.ch\/wp-content\/uploads\/2024\/08\/Verkuerzung_Gebaermutterhals.jpg","contentUrl":"https:\/\/famicord.ch\/wp-content\/uploads\/2024\/08\/Verkuerzung_Gebaermutterhals.jpg","width":1500,"height":1000},{"@type":"BreadcrumbList","@id":"https:\/\/famicord.ch\/it\/pregnancy-zone-2\/disturbi-della-gravidanza\/verkuerzung-des-gebaermutterhalses#breadcrumb","itemListElement":[{"@type":"ListItem","position":1,"name":"Home","item":"https:\/\/famicord.ch\/it"},{"@type":"ListItem","position":2,"name":"FamiBlog","item":"https:\/\/famicord.ch\/it\/pregnancy-zone-2"},{"@type":"ListItem","position":3,"name":"Accorciamento della cervice"}]},{"@type":"WebSite","@id":"https:\/\/famicord.ch\/it#website","url":"https:\/\/famicord.ch\/it","name":"Famicord.ch","description":"","potentialAction":[{"@type":"SearchAction","target":{"@type":"EntryPoint","urlTemplate":"https:\/\/famicord.ch\/it?s={search_term_string}"},"query-input":{"@type":"PropertyValueSpecification","valueRequired":true,"valueName":"search_term_string"}}],"inLanguage":"it-CH"}]}</script>
<!-- / Yoast SEO plugin. -->

L’accorciamento del collo dell’utero può aumentare il rischio di parto prematuro. Scopri cause, sintomi e opzioni di trattamento.
