{"id":6204,"date":"2024-01-17T08:53:35","date_gmt":"2024-01-17T07:53:35","guid":{"rendered":"https:\/\/wordpress-famicord-ch.empressia.dev\/pregnancy-zone-2\/%pregnancy_zone_category%\/fetale-wachstumsrestriktion"},"modified":"2026-01-06T14:51:32","modified_gmt":"2026-01-06T13:51:32","slug":"fetale-wachstumsrestriktion","status":"publish","type":"pregnancy_zone","link":"https:\/\/famicord.ch\/it\/pregnancy-zone-2\/come-ci-si-prende-cura-di-se-durante-la-gravidanza\/fetale-wachstumsrestriktion","title":{"rendered":"Restrizione della crescita fetale"},"content":{"rendered":"<h2>Che cos&#8217;\u00e8 la restrizione della crescita fetale?<\/h2>\n<p>La restrizione della crescita fetale (FWR) \u00e8 una condizione in cui il peso stimato del bambino \u00e8 troppo basso rispetto all&#8217;et\u00e0 gestazionale. Oltre al peso stimato del bambino, i criteri diagnostici includono anche parametri come la circonferenza addominale.<\/p>\n<p>La restrizione della crescita fetale pu\u00f2 essere suddivisa in precoce e tardiva. Precoce \u00e8 quando si verifica prima della 32a settimana e tardiva \u00e8 quando si verifica nelle settimane successive. Ogni tipo di FWR ha cause specifiche.<\/p>\n<h2>Quali sono le cause del ritardo di crescita fetale?<\/h2>\n<p>Ogni futura madre dovrebbe sottoporsi al cosiddetto test composito nel primo trimestre. Oltre al rischio di disordini cromosomici, questo test determina anche il rischio di preeclampsia e di ritardo di crescita. In caso di aumento del rischio, \u00e8 possibile effettuare una profilassi assumendo 150 mg di acido acetilsalicilico.<\/p>\n<p>Le cause del ritardo di crescita fetale includono cause materne. Ad esempio:<\/p>\n<ul>\n<li class=\"Standard\">Et\u00e0 superiore a 40 anni<\/li>\n<li class=\"Standard\">Ipertensione arteriosa cronica<\/li>\n<li class=\"Standard\">Fumare in gravidanza<\/li>\n<li>Diabete mellito con lesioni vascolari<\/li>\n<\/ul>\n<p>Inoltre, anche le malattie infettive TORCH, come la toxoplasmosi o il citomegalovirus durante la gravidanza, possono essere la causa del ritardo di crescita. Il ritardo di crescita pu\u00f2 anche essere associato ad aberrazioni cromosomiche.<\/p>\n<p><span style=\"font-size: 13px;\"><\/span><\/p>\n<p>&nbsp;<\/p>\n<h2>Limitazione della crescita fetale &#8211; trattamento<\/h2>\n<p>Se viene rilevata una restrizione della crescita fetale, il ginecologo di solito cerca le possibili cause di questa condizione. Viene controllata l&#8217;et\u00e0 gestazionale e possono essere ordinati anche test per la toxoplasmosi o il citomegalovirus. La crescita del feto deve essere esaminata presso i centri per l&#8217;esame dell&#8217;ipotrofia. Gli esami ecografici, compresa la perfusione vascolare, vengono eseguiti una volta ogni 1-2 settimane, a seconda dei casi. Se il peso fetale \u00e8 stimato basso ma il flusso vascolare \u00e8 normale, il parto deve essere effettuato dopo la 37a settimana di gravidanza. Tuttavia, se si rilevano flussi anomali nel bambino o se la registrazione KTG \u00e8 anormale, pu\u00f2 essere necessaria un&#8217;interruzione prematura della gravidanza. \u00c8 molto importante che una donna ad alto rischio di ritardo di crescita riceva un&#8217;assistenza continua presso un centro specializzato.<\/p>\n<p><span style=\"font-size: 13px;\"><\/span><\/p>\n<p>&nbsp;<\/p>\n","protected":false},"excerpt":{"rendered":"<p>La restrizione della crescita fetale \u00e8 una complicazione che si verifica in un massimo di una gravidanza su 10. Richiede controlli regolari dal ginecologo ed \u00e8 spesso associata alla necessit\u00e0 di un parto prematuro. Richiede controlli regolari dal ginecologo ed \u00e8 spesso associata alla necessit\u00e0 di un parto prematuro. Per saperne di pi\u00f9 sulle cause e sul trattamento del ritardo di crescita fetale.<\/p>\n","protected":false},"author":2,"featured_media":5343,"template":"","pregnancy_zone_category":[96],"class_list":["post-6204","pregnancy_zone","type-pregnancy_zone","status-publish","has-post-thumbnail","hentry","pregnancy_zone_category-come-ci-si-prende-cura-di-se-durante-la-gravidanza"],"acf":[],"yoast_head":"<!-- This site is optimized with the Yoast SEO plugin v27.5 - https:\/\/yoast.com\/product\/yoast-seo-wordpress\/ -->\n<title>Restrizione della crescita fetale (RCF) | FamiCord<\/title>\n<meta name=\"description\" content=\"Restrizione della crescita fetale in gravidanza: cause, fattori di rischio, diagnosi ecografica, monitoraggio e gestione clinica.\" \/>\n<meta name=\"robots\" content=\"index, follow, max-snippet:-1, max-image-preview:large, max-video-preview:-1\" \/>\n<link rel=\"canonical\" href=\"https:\/\/famicord.ch\/it\/pregnancy-zone-2\/come-ci-si-prende-cura-di-se-durante-la-gravidanza\/fetale-wachstumsrestriktion\" \/>\n<meta property=\"og:locale\" content=\"it_IT\" \/>\n<meta property=\"og:type\" content=\"article\" \/>\n<meta property=\"og:title\" content=\"Restrizione della crescita fetale (RCF) | FamiCord\" \/>\n<meta property=\"og:description\" content=\"Restrizione della crescita fetale in gravidanza: cause, fattori di rischio, diagnosi ecografica, monitoraggio e gestione clinica.\" \/>\n<meta property=\"og:url\" content=\"https:\/\/famicord.ch\/it\/pregnancy-zone-2\/come-ci-si-prende-cura-di-se-durante-la-gravidanza\/fetale-wachstumsrestriktion\" \/>\n<meta property=\"og:site_name\" content=\"Famicord Suisse\" \/>\n<meta property=\"article:modified_time\" content=\"2026-01-06T13:51:32+00:00\" \/>\n<meta property=\"og:image\" content=\"https:\/\/famicord.ch\/wp-content\/uploads\/2024\/08\/Fetale_Wachstumsrestriktion.jpg\" \/>\n\t<meta property=\"og:image:width\" content=\"1404\" \/>\n\t<meta property=\"og:image:height\" content=\"936\" \/>\n\t<meta property=\"og:image:type\" content=\"image\/webp\" \/>\n<meta name=\"twitter:card\" content=\"summary_large_image\" \/>\n<meta name=\"twitter:label1\" content=\"Est. reading time\" \/>\n\t<meta name=\"twitter:data1\" content=\"3 minutes\" \/>\n<script type=\"application\/ld+json\" class=\"yoast-schema-graph\">{\"@context\":\"https:\\\/\\\/schema.org\",\"@graph\":[{\"@type\":\"WebPage\",\"@id\":\"https:\\\/\\\/famicord.ch\\\/it\\\/pregnancy-zone-2\\\/come-ci-si-prende-cura-di-se-durante-la-gravidanza\\\/fetale-wachstumsrestriktion\",\"url\":\"https:\\\/\\\/famicord.ch\\\/it\\\/pregnancy-zone-2\\\/come-ci-si-prende-cura-di-se-durante-la-gravidanza\\\/fetale-wachstumsrestriktion\",\"name\":\"Restrizione della crescita fetale (RCF) | FamiCord\",\"isPartOf\":{\"@id\":\"https:\\\/\\\/famicord.ch\\\/it#website\"},\"primaryImageOfPage\":{\"@id\":\"https:\\\/\\\/famicord.ch\\\/it\\\/pregnancy-zone-2\\\/come-ci-si-prende-cura-di-se-durante-la-gravidanza\\\/fetale-wachstumsrestriktion#primaryimage\"},\"image\":{\"@id\":\"https:\\\/\\\/famicord.ch\\\/it\\\/pregnancy-zone-2\\\/come-ci-si-prende-cura-di-se-durante-la-gravidanza\\\/fetale-wachstumsrestriktion#primaryimage\"},\"thumbnailUrl\":\"https:\\\/\\\/famicord.ch\\\/wp-content\\\/uploads\\\/2024\\\/08\\\/Fetale_Wachstumsrestriktion.jpg\",\"datePublished\":\"2024-01-17T07:53:35+00:00\",\"dateModified\":\"2026-01-06T13:51:32+00:00\",\"description\":\"Restrizione della crescita fetale in gravidanza: cause, fattori di rischio, diagnosi ecografica, monitoraggio e gestione clinica.\",\"breadcrumb\":{\"@id\":\"https:\\\/\\\/famicord.ch\\\/it\\\/pregnancy-zone-2\\\/come-ci-si-prende-cura-di-se-durante-la-gravidanza\\\/fetale-wachstumsrestriktion#breadcrumb\"},\"inLanguage\":\"it-CH\",\"potentialAction\":[{\"@type\":\"ReadAction\",\"target\":[\"https:\\\/\\\/famicord.ch\\\/it\\\/pregnancy-zone-2\\\/come-ci-si-prende-cura-di-se-durante-la-gravidanza\\\/fetale-wachstumsrestriktion\"]}]},{\"@type\":\"ImageObject\",\"inLanguage\":\"it-CH\",\"@id\":\"https:\\\/\\\/famicord.ch\\\/it\\\/pregnancy-zone-2\\\/come-ci-si-prende-cura-di-se-durante-la-gravidanza\\\/fetale-wachstumsrestriktion#primaryimage\",\"url\":\"https:\\\/\\\/famicord.ch\\\/wp-content\\\/uploads\\\/2024\\\/08\\\/Fetale_Wachstumsrestriktion.jpg\",\"contentUrl\":\"https:\\\/\\\/famicord.ch\\\/wp-content\\\/uploads\\\/2024\\\/08\\\/Fetale_Wachstumsrestriktion.jpg\",\"width\":1404,\"height\":936},{\"@type\":\"BreadcrumbList\",\"@id\":\"https:\\\/\\\/famicord.ch\\\/it\\\/pregnancy-zone-2\\\/come-ci-si-prende-cura-di-se-durante-la-gravidanza\\\/fetale-wachstumsrestriktion#breadcrumb\",\"itemListElement\":[{\"@type\":\"ListItem\",\"position\":1,\"name\":\"Home\",\"item\":\"https:\\\/\\\/famicord.ch\\\/it\"},{\"@type\":\"ListItem\",\"position\":2,\"name\":\"FamiBlog\",\"item\":\"https:\\\/\\\/famicord.ch\\\/it\\\/pregnancy-zone-2\"},{\"@type\":\"ListItem\",\"position\":3,\"name\":\"Restrizione della crescita fetale\"}]},{\"@type\":\"WebSite\",\"@id\":\"https:\\\/\\\/famicord.ch\\\/it#website\",\"url\":\"https:\\\/\\\/famicord.ch\\\/it\",\"name\":\"Famicord.ch\",\"description\":\"\",\"potentialAction\":[{\"@type\":\"SearchAction\",\"target\":{\"@type\":\"EntryPoint\",\"urlTemplate\":\"https:\\\/\\\/famicord.ch\\\/it?s={search_term_string}\"},\"query-input\":{\"@type\":\"PropertyValueSpecification\",\"valueRequired\":true,\"valueName\":\"search_term_string\"}}],\"inLanguage\":\"it-CH\"}]}<\/script>\n<!-- \/ Yoast SEO plugin. -->","yoast_head_json":{"title":"Restrizione della crescita fetale (RCF) | FamiCord","description":"Restrizione della crescita fetale in gravidanza: cause, fattori di rischio, diagnosi ecografica, monitoraggio e gestione clinica.","robots":{"index":"index","follow":"follow","max-snippet":"max-snippet:-1","max-image-preview":"max-image-preview:large","max-video-preview":"max-video-preview:-1"},"canonical":"https:\/\/famicord.ch\/it\/pregnancy-zone-2\/come-ci-si-prende-cura-di-se-durante-la-gravidanza\/fetale-wachstumsrestriktion","og_locale":"it_IT","og_type":"article","og_title":"Restrizione della crescita fetale (RCF) | FamiCord","og_description":"Restrizione della crescita fetale in gravidanza: cause, fattori di rischio, diagnosi ecografica, monitoraggio e gestione clinica.","og_url":"https:\/\/famicord.ch\/it\/pregnancy-zone-2\/come-ci-si-prende-cura-di-se-durante-la-gravidanza\/fetale-wachstumsrestriktion","og_site_name":"Famicord Suisse","article_modified_time":"2026-01-06T13:51:32+00:00","og_image":[{"width":1404,"height":936,"url":"https:\/\/famicord.ch\/wp-content\/uploads\/2024\/08\/Fetale_Wachstumsrestriktion.jpg","type":"image\/webp"}],"twitter_card":"summary_large_image","twitter_misc":{"Est. reading time":"3 minutes"},"schema":{"@context":"https:\/\/schema.org","@graph":[{"@type":"WebPage","@id":"https:\/\/famicord.ch\/it\/pregnancy-zone-2\/come-ci-si-prende-cura-di-se-durante-la-gravidanza\/fetale-wachstumsrestriktion","url":"https:\/\/famicord.ch\/it\/pregnancy-zone-2\/come-ci-si-prende-cura-di-se-durante-la-gravidanza\/fetale-wachstumsrestriktion","name":"Restrizione della crescita fetale (RCF) | FamiCord","isPartOf":{"@id":"https:\/\/famicord.ch\/it#website"},"primaryImageOfPage":{"@id":"https:\/\/famicord.ch\/it\/pregnancy-zone-2\/come-ci-si-prende-cura-di-se-durante-la-gravidanza\/fetale-wachstumsrestriktion#primaryimage"},"image":{"@id":"https:\/\/famicord.ch\/it\/pregnancy-zone-2\/come-ci-si-prende-cura-di-se-durante-la-gravidanza\/fetale-wachstumsrestriktion#primaryimage"},"thumbnailUrl":"https:\/\/famicord.ch\/wp-content\/uploads\/2024\/08\/Fetale_Wachstumsrestriktion.jpg","datePublished":"2024-01-17T07:53:35+00:00","dateModified":"2026-01-06T13:51:32+00:00","description":"Restrizione della crescita fetale in gravidanza: cause, fattori di rischio, diagnosi ecografica, monitoraggio e gestione clinica.","breadcrumb":{"@id":"https:\/\/famicord.ch\/it\/pregnancy-zone-2\/come-ci-si-prende-cura-di-se-durante-la-gravidanza\/fetale-wachstumsrestriktion#breadcrumb"},"inLanguage":"it-CH","potentialAction":[{"@type":"ReadAction","target":["https:\/\/famicord.ch\/it\/pregnancy-zone-2\/come-ci-si-prende-cura-di-se-durante-la-gravidanza\/fetale-wachstumsrestriktion"]}]},{"@type":"ImageObject","inLanguage":"it-CH","@id":"https:\/\/famicord.ch\/it\/pregnancy-zone-2\/come-ci-si-prende-cura-di-se-durante-la-gravidanza\/fetale-wachstumsrestriktion#primaryimage","url":"https:\/\/famicord.ch\/wp-content\/uploads\/2024\/08\/Fetale_Wachstumsrestriktion.jpg","contentUrl":"https:\/\/famicord.ch\/wp-content\/uploads\/2024\/08\/Fetale_Wachstumsrestriktion.jpg","width":1404,"height":936},{"@type":"BreadcrumbList","@id":"https:\/\/famicord.ch\/it\/pregnancy-zone-2\/come-ci-si-prende-cura-di-se-durante-la-gravidanza\/fetale-wachstumsrestriktion#breadcrumb","itemListElement":[{"@type":"ListItem","position":1,"name":"Home","item":"https:\/\/famicord.ch\/it"},{"@type":"ListItem","position":2,"name":"FamiBlog","item":"https:\/\/famicord.ch\/it\/pregnancy-zone-2"},{"@type":"ListItem","position":3,"name":"Restrizione della crescita fetale"}]},{"@type":"WebSite","@id":"https:\/\/famicord.ch\/it#website","url":"https:\/\/famicord.ch\/it","name":"Famicord.ch","description":"","potentialAction":[{"@type":"SearchAction","target":{"@type":"EntryPoint","urlTemplate":"https:\/\/famicord.ch\/it?s={search_term_string}"},"query-input":{"@type":"PropertyValueSpecification","valueRequired":true,"valueName":"search_term_string"}}],"inLanguage":"it-CH"}]}},"_links":{"self":[{"href":"https:\/\/famicord.ch\/it\/wp-json\/wp\/v2\/pregnancy_zone\/6204","targetHints":{"allow":["GET"]}}],"collection":[{"href":"https:\/\/famicord.ch\/it\/wp-json\/wp\/v2\/pregnancy_zone"}],"about":[{"href":"https:\/\/famicord.ch\/it\/wp-json\/wp\/v2\/types\/pregnancy_zone"}],"author":[{"embeddable":true,"href":"https:\/\/famicord.ch\/it\/wp-json\/wp\/v2\/users\/2"}],"wp:featuredmedia":[{"embeddable":true,"href":"https:\/\/famicord.ch\/it\/wp-json\/wp\/v2\/media\/5343"}],"wp:attachment":[{"href":"https:\/\/famicord.ch\/it\/wp-json\/wp\/v2\/media?parent=6204"}],"wp:term":[{"taxonomy":"pregnancy_zone_category","embeddable":true,"href":"https:\/\/famicord.ch\/it\/wp-json\/wp\/v2\/pregnancy_zone_category?post=6204"}],"curies":[{"name":"wp","href":"https:\/\/api.w.org\/{rel}","templated":true}]}}

<h2>Che cos&#8217;è la restrizione della crescita fetale?</h2>
<p>La restrizione della crescita fetale (FWR) è una condizione in cui il peso stimato del bambino è troppo basso rispetto all&#8217;età gestazionale. Oltre al peso stimato del bambino, i criteri diagnostici includono anche parametri come la circonferenza addominale.</p>
<p>La restrizione della crescita fetale può essere suddivisa in precoce e tardiva. Precoce è quando si verifica prima della 32a settimana e tardiva è quando si verifica nelle settimane successive. Ogni tipo di FWR ha cause specifiche.</p>
<h2>Quali sono le cause del ritardo di crescita fetale?</h2>
<p>Ogni futura madre dovrebbe sottoporsi al cosiddetto test composito nel primo trimestre. Oltre al rischio di disordini cromosomici, questo test determina anche il rischio di preeclampsia e di ritardo di crescita. In caso di aumento del rischio, è possibile effettuare una profilassi assumendo 150 mg di acido acetilsalicilico.</p>
<p>Le cause del ritardo di crescita fetale includono cause materne. Ad esempio:</p>
<ul>
<li class="Standard">Età superiore a 40 anni</li>
<li class="Standard">Ipertensione arteriosa cronica</li>
<li class="Standard">Fumare in gravidanza</li>
<li>Diabete mellito con lesioni vascolari</li>
</ul>
<p>Inoltre, anche le malattie infettive TORCH, come la toxoplasmosi o il citomegalovirus durante la gravidanza, possono essere la causa del ritardo di crescita. Il ritardo di crescita può anche essere associato ad aberrazioni cromosomiche.</p>
<p><span style="font-size: 13px;"></span></p>
<p>&nbsp;</p>
<h2>Limitazione della crescita fetale &#8211; trattamento</h2>
<p>Se viene rilevata una restrizione della crescita fetale, il ginecologo di solito cerca le possibili cause di questa condizione. Viene controllata l&#8217;età gestazionale e possono essere ordinati anche test per la toxoplasmosi o il citomegalovirus. La crescita del feto deve essere esaminata presso i centri per l&#8217;esame dell&#8217;ipotrofia. Gli esami ecografici, compresa la perfusione vascolare, vengono eseguiti una volta ogni 1-2 settimane, a seconda dei casi. Se il peso fetale è stimato basso ma il flusso vascolare è normale, il parto deve essere effettuato dopo la 37a settimana di gravidanza. Tuttavia, se si rilevano flussi anomali nel bambino o se la registrazione KTG è anormale, può essere necessaria un&#8217;interruzione prematura della gravidanza. È molto importante che una donna ad alto rischio di ritardo di crescita riceva un&#8217;assistenza continua presso un centro specializzato.</p>
<p><span style="font-size: 13px;"></span></p>
<p>&nbsp;</p>

<p>La restrizione della crescita fetale è una complicazione che si verifica in un massimo di una gravidanza su 10. Richiede controlli regolari dal ginecologo ed è spesso associata alla necessità di un parto prematuro. Richiede controlli regolari dal ginecologo ed è spesso associata alla necessità di un parto prematuro. Per saperne di più sulle cause e sul trattamento del ritardo di crescita fetale.</p>
