{"id":6179,"date":"2023-09-20T07:53:35","date_gmt":"2023-09-20T05:53:35","guid":{"rendered":"https:\/\/wordpress-famicord-ch.empressia.dev\/pregnancy-zone-2\/%pregnancy_zone_category%\/genetischer-ultraschall"},"modified":"2026-01-08T13:24:08","modified_gmt":"2026-01-08T12:24:08","slug":"genetischer-ultraschall","status":"publish","type":"pregnancy_zone","link":"https:\/\/famicord.ch\/it\/pregnancy-zone-2\/come-ci-si-prende-cura-di-se-durante-la-gravidanza\/genetischer-ultraschall","title":{"rendered":"Ecografia genetica"},"content":{"rendered":"<h2>Ecografia genetica: quando va eseguita?<\/h2>\n<p>L&#8217;ecografia genetica \u00e8 anche chiamata ecografia del primo trimestre. Il nome deriva dal fatto che l&#8217;obiettivo principale dell&#8217;esame \u00e8 quello di individuare, tra l&#8217;altro, possibili difetti genetici. L&#8217;esame ecografico viene effettuato tra l&#8217;11a e la 14a settimana di gravidanza. L&#8217;ecografia genetica \u00e8 uno degli esami ecografici obbligatori durante la gravidanza, insieme all&#8217;ecografia del medio trimestre (2\u00b0 trimestre), all&#8217;ecografia del 3\u00b0 trimestre e all&#8217;ecografia al momento del parto.<\/p>\n<p>L&#8217;ecografia del primo trimestre non deve essere abbandonata a favore dei sempre pi\u00f9 diffusi test del DNA fetale. Secondo le attuali raccomandazioni, i NIPT sono raccomandati nei casi di sospetti difetti genetici o nei casi di rischio intermedio in un test composito. L&#8217;ecografia genetica svolge un ruolo molto importante nella diagnosi nelle prime fasi della gravidanza.<\/p>\n<h2>Ecografia genetica: cosa esamina?<\/h2>\n<p>Durante l&#8217;ecografia genetica, il ginecologo valuta la posizione della gravidanza, la sua vitalit\u00e0, l&#8217;anatomia del feto e calcola il rischio di anomalie cromosomiche e di preeclampsia in un cosiddetto test combinato (che comprende la biochimica e l&#8217;ecografia). Viene inoltre determinata l&#8217;et\u00e0 della gravidanza. Se la data di scadenza calcolata differisce dalla data dell&#8217;ultima mestruazione di 7 giorni o pi\u00f9, diventa la data rilevante fino al termine della gravidanza. Non deve essere modificata durante gli esami ecografici successivi.<\/p>\n<p>Una parte importante dell&#8217;ecografia genetica \u00e8 la valutazione della translucenza nucale. Un&#8217;immagine anomala pu\u00f2 essere associata a malattie come la sindrome di Down. Per rendere pi\u00f9 accurata la valutazione del rischio, oltre alla translucenza nucale si devono prendere in considerazione l&#8217;anamnesi della madre e i parametri ematici come la beta-hCG libera, la PAPP-A e la PlGF.<\/p>\n","protected":false},"excerpt":{"rendered":"<p>Durante la gravidanza, ogni futura madre dovrebbe sottoporsi a quattro esami ecografici obbligatori. Uno di questi \u00e8 l&#8217;ecografia genetica. Quando deve essere eseguita e cosa viene controllato durante questo esame?<\/p>\n","protected":false},"author":2,"featured_media":5193,"template":"","pregnancy_zone_category":[96],"class_list":["post-6179","pregnancy_zone","type-pregnancy_zone","status-publish","has-post-thumbnail","hentry","pregnancy_zone_category-come-ci-si-prende-cura-di-se-durante-la-gravidanza"],"acf":[],"yoast_head":"<!-- This site is optimized with the Yoast SEO plugin v27.5 - https:\/\/yoast.com\/product\/yoast-seo-wordpress\/ -->\n<title>Ecografia genetica in gravidanza | FamiCord<\/title>\n<meta name=\"description\" content=\"Quando si esegue l\u2019ecografia genetica nel primo trimestre? Valuta anatomia fetale, rischio cromosomico e preeclampsia in gravidanza.\" \/>\n<meta name=\"robots\" content=\"index, follow, max-snippet:-1, max-image-preview:large, max-video-preview:-1\" \/>\n<link rel=\"canonical\" href=\"https:\/\/famicord.ch\/it\/pregnancy-zone-2\/come-ci-si-prende-cura-di-se-durante-la-gravidanza\/genetischer-ultraschall\" \/>\n<meta property=\"og:locale\" content=\"it_IT\" \/>\n<meta property=\"og:type\" content=\"article\" \/>\n<meta property=\"og:title\" content=\"Ecografia genetica in gravidanza | FamiCord\" \/>\n<meta property=\"og:description\" content=\"Quando si esegue l\u2019ecografia genetica nel primo trimestre? Valuta anatomia fetale, rischio cromosomico e preeclampsia in gravidanza.\" \/>\n<meta property=\"og:url\" content=\"https:\/\/famicord.ch\/it\/pregnancy-zone-2\/come-ci-si-prende-cura-di-se-durante-la-gravidanza\/genetischer-ultraschall\" \/>\n<meta property=\"og:site_name\" content=\"Famicord Suisse\" \/>\n<meta property=\"article:modified_time\" content=\"2026-01-08T12:24:08+00:00\" \/>\n<meta property=\"og:image\" content=\"https:\/\/famicord.ch\/wp-content\/uploads\/2024\/08\/Genetischer_Ultraschall.jpg\" \/>\n\t<meta property=\"og:image:width\" content=\"1200\" \/>\n\t<meta property=\"og:image:height\" content=\"800\" \/>\n\t<meta property=\"og:image:type\" content=\"image\/webp\" \/>\n<meta name=\"twitter:card\" content=\"summary_large_image\" \/>\n<meta name=\"twitter:label1\" content=\"Est. reading time\" \/>\n\t<meta name=\"twitter:data1\" content=\"2 minutes\" \/>\n<script type=\"application\/ld+json\" class=\"yoast-schema-graph\">{\"@context\":\"https:\\\/\\\/schema.org\",\"@graph\":[{\"@type\":\"WebPage\",\"@id\":\"https:\\\/\\\/famicord.ch\\\/it\\\/pregnancy-zone-2\\\/come-ci-si-prende-cura-di-se-durante-la-gravidanza\\\/genetischer-ultraschall\",\"url\":\"https:\\\/\\\/famicord.ch\\\/it\\\/pregnancy-zone-2\\\/come-ci-si-prende-cura-di-se-durante-la-gravidanza\\\/genetischer-ultraschall\",\"name\":\"Ecografia genetica in gravidanza | FamiCord\",\"isPartOf\":{\"@id\":\"https:\\\/\\\/famicord.ch\\\/it#website\"},\"primaryImageOfPage\":{\"@id\":\"https:\\\/\\\/famicord.ch\\\/it\\\/pregnancy-zone-2\\\/come-ci-si-prende-cura-di-se-durante-la-gravidanza\\\/genetischer-ultraschall#primaryimage\"},\"image\":{\"@id\":\"https:\\\/\\\/famicord.ch\\\/it\\\/pregnancy-zone-2\\\/come-ci-si-prende-cura-di-se-durante-la-gravidanza\\\/genetischer-ultraschall#primaryimage\"},\"thumbnailUrl\":\"https:\\\/\\\/famicord.ch\\\/wp-content\\\/uploads\\\/2024\\\/08\\\/Genetischer_Ultraschall.jpg\",\"datePublished\":\"2023-09-20T05:53:35+00:00\",\"dateModified\":\"2026-01-08T12:24:08+00:00\",\"description\":\"Quando si esegue l\u2019ecografia genetica nel primo trimestre? Valuta anatomia fetale, rischio cromosomico e preeclampsia in gravidanza.\",\"breadcrumb\":{\"@id\":\"https:\\\/\\\/famicord.ch\\\/it\\\/pregnancy-zone-2\\\/come-ci-si-prende-cura-di-se-durante-la-gravidanza\\\/genetischer-ultraschall#breadcrumb\"},\"inLanguage\":\"it-CH\",\"potentialAction\":[{\"@type\":\"ReadAction\",\"target\":[\"https:\\\/\\\/famicord.ch\\\/it\\\/pregnancy-zone-2\\\/come-ci-si-prende-cura-di-se-durante-la-gravidanza\\\/genetischer-ultraschall\"]}]},{\"@type\":\"ImageObject\",\"inLanguage\":\"it-CH\",\"@id\":\"https:\\\/\\\/famicord.ch\\\/it\\\/pregnancy-zone-2\\\/come-ci-si-prende-cura-di-se-durante-la-gravidanza\\\/genetischer-ultraschall#primaryimage\",\"url\":\"https:\\\/\\\/famicord.ch\\\/wp-content\\\/uploads\\\/2024\\\/08\\\/Genetischer_Ultraschall.jpg\",\"contentUrl\":\"https:\\\/\\\/famicord.ch\\\/wp-content\\\/uploads\\\/2024\\\/08\\\/Genetischer_Ultraschall.jpg\",\"width\":1200,\"height\":800},{\"@type\":\"BreadcrumbList\",\"@id\":\"https:\\\/\\\/famicord.ch\\\/it\\\/pregnancy-zone-2\\\/come-ci-si-prende-cura-di-se-durante-la-gravidanza\\\/genetischer-ultraschall#breadcrumb\",\"itemListElement\":[{\"@type\":\"ListItem\",\"position\":1,\"name\":\"Home\",\"item\":\"https:\\\/\\\/famicord.ch\\\/it\"},{\"@type\":\"ListItem\",\"position\":2,\"name\":\"FamiBlog\",\"item\":\"https:\\\/\\\/famicord.ch\\\/it\\\/pregnancy-zone-2\"},{\"@type\":\"ListItem\",\"position\":3,\"name\":\"Ecografia genetica\"}]},{\"@type\":\"WebSite\",\"@id\":\"https:\\\/\\\/famicord.ch\\\/it#website\",\"url\":\"https:\\\/\\\/famicord.ch\\\/it\",\"name\":\"Famicord.ch\",\"description\":\"\",\"potentialAction\":[{\"@type\":\"SearchAction\",\"target\":{\"@type\":\"EntryPoint\",\"urlTemplate\":\"https:\\\/\\\/famicord.ch\\\/it?s={search_term_string}\"},\"query-input\":{\"@type\":\"PropertyValueSpecification\",\"valueRequired\":true,\"valueName\":\"search_term_string\"}}],\"inLanguage\":\"it-CH\"}]}<\/script>\n<!-- \/ Yoast SEO plugin. -->","yoast_head_json":{"title":"Ecografia genetica in gravidanza | FamiCord","description":"Quando si esegue l\u2019ecografia genetica nel primo trimestre? Valuta anatomia fetale, rischio cromosomico e preeclampsia in gravidanza.","robots":{"index":"index","follow":"follow","max-snippet":"max-snippet:-1","max-image-preview":"max-image-preview:large","max-video-preview":"max-video-preview:-1"},"canonical":"https:\/\/famicord.ch\/it\/pregnancy-zone-2\/come-ci-si-prende-cura-di-se-durante-la-gravidanza\/genetischer-ultraschall","og_locale":"it_IT","og_type":"article","og_title":"Ecografia genetica in gravidanza | FamiCord","og_description":"Quando si esegue l\u2019ecografia genetica nel primo trimestre? Valuta anatomia fetale, rischio cromosomico e preeclampsia in gravidanza.","og_url":"https:\/\/famicord.ch\/it\/pregnancy-zone-2\/come-ci-si-prende-cura-di-se-durante-la-gravidanza\/genetischer-ultraschall","og_site_name":"Famicord Suisse","article_modified_time":"2026-01-08T12:24:08+00:00","og_image":[{"width":1200,"height":800,"url":"https:\/\/famicord.ch\/wp-content\/uploads\/2024\/08\/Genetischer_Ultraschall.jpg","type":"image\/webp"}],"twitter_card":"summary_large_image","twitter_misc":{"Est. reading time":"2 minutes"},"schema":{"@context":"https:\/\/schema.org","@graph":[{"@type":"WebPage","@id":"https:\/\/famicord.ch\/it\/pregnancy-zone-2\/come-ci-si-prende-cura-di-se-durante-la-gravidanza\/genetischer-ultraschall","url":"https:\/\/famicord.ch\/it\/pregnancy-zone-2\/come-ci-si-prende-cura-di-se-durante-la-gravidanza\/genetischer-ultraschall","name":"Ecografia genetica in gravidanza | FamiCord","isPartOf":{"@id":"https:\/\/famicord.ch\/it#website"},"primaryImageOfPage":{"@id":"https:\/\/famicord.ch\/it\/pregnancy-zone-2\/come-ci-si-prende-cura-di-se-durante-la-gravidanza\/genetischer-ultraschall#primaryimage"},"image":{"@id":"https:\/\/famicord.ch\/it\/pregnancy-zone-2\/come-ci-si-prende-cura-di-se-durante-la-gravidanza\/genetischer-ultraschall#primaryimage"},"thumbnailUrl":"https:\/\/famicord.ch\/wp-content\/uploads\/2024\/08\/Genetischer_Ultraschall.jpg","datePublished":"2023-09-20T05:53:35+00:00","dateModified":"2026-01-08T12:24:08+00:00","description":"Quando si esegue l\u2019ecografia genetica nel primo trimestre? Valuta anatomia fetale, rischio cromosomico e preeclampsia in gravidanza.","breadcrumb":{"@id":"https:\/\/famicord.ch\/it\/pregnancy-zone-2\/come-ci-si-prende-cura-di-se-durante-la-gravidanza\/genetischer-ultraschall#breadcrumb"},"inLanguage":"it-CH","potentialAction":[{"@type":"ReadAction","target":["https:\/\/famicord.ch\/it\/pregnancy-zone-2\/come-ci-si-prende-cura-di-se-durante-la-gravidanza\/genetischer-ultraschall"]}]},{"@type":"ImageObject","inLanguage":"it-CH","@id":"https:\/\/famicord.ch\/it\/pregnancy-zone-2\/come-ci-si-prende-cura-di-se-durante-la-gravidanza\/genetischer-ultraschall#primaryimage","url":"https:\/\/famicord.ch\/wp-content\/uploads\/2024\/08\/Genetischer_Ultraschall.jpg","contentUrl":"https:\/\/famicord.ch\/wp-content\/uploads\/2024\/08\/Genetischer_Ultraschall.jpg","width":1200,"height":800},{"@type":"BreadcrumbList","@id":"https:\/\/famicord.ch\/it\/pregnancy-zone-2\/come-ci-si-prende-cura-di-se-durante-la-gravidanza\/genetischer-ultraschall#breadcrumb","itemListElement":[{"@type":"ListItem","position":1,"name":"Home","item":"https:\/\/famicord.ch\/it"},{"@type":"ListItem","position":2,"name":"FamiBlog","item":"https:\/\/famicord.ch\/it\/pregnancy-zone-2"},{"@type":"ListItem","position":3,"name":"Ecografia genetica"}]},{"@type":"WebSite","@id":"https:\/\/famicord.ch\/it#website","url":"https:\/\/famicord.ch\/it","name":"Famicord.ch","description":"","potentialAction":[{"@type":"SearchAction","target":{"@type":"EntryPoint","urlTemplate":"https:\/\/famicord.ch\/it?s={search_term_string}"},"query-input":{"@type":"PropertyValueSpecification","valueRequired":true,"valueName":"search_term_string"}}],"inLanguage":"it-CH"}]}},"_links":{"self":[{"href":"https:\/\/famicord.ch\/it\/wp-json\/wp\/v2\/pregnancy_zone\/6179","targetHints":{"allow":["GET"]}}],"collection":[{"href":"https:\/\/famicord.ch\/it\/wp-json\/wp\/v2\/pregnancy_zone"}],"about":[{"href":"https:\/\/famicord.ch\/it\/wp-json\/wp\/v2\/types\/pregnancy_zone"}],"author":[{"embeddable":true,"href":"https:\/\/famicord.ch\/it\/wp-json\/wp\/v2\/users\/2"}],"wp:featuredmedia":[{"embeddable":true,"href":"https:\/\/famicord.ch\/it\/wp-json\/wp\/v2\/media\/5193"}],"wp:attachment":[{"href":"https:\/\/famicord.ch\/it\/wp-json\/wp\/v2\/media?parent=6179"}],"wp:term":[{"taxonomy":"pregnancy_zone_category","embeddable":true,"href":"https:\/\/famicord.ch\/it\/wp-json\/wp\/v2\/pregnancy_zone_category?post=6179"}],"curies":[{"name":"wp","href":"https:\/\/api.w.org\/{rel}","templated":true}]}}

<h2>Ecografia genetica: quando va eseguita?</h2>
<p>L&#8217;ecografia genetica è anche chiamata ecografia del primo trimestre. Il nome deriva dal fatto che l&#8217;obiettivo principale dell&#8217;esame è quello di individuare, tra l&#8217;altro, possibili difetti genetici. L&#8217;esame ecografico viene effettuato tra l&#8217;11a e la 14a settimana di gravidanza. L&#8217;ecografia genetica è uno degli esami ecografici obbligatori durante la gravidanza, insieme all&#8217;ecografia del medio trimestre (2° trimestre), all&#8217;ecografia del 3° trimestre e all&#8217;ecografia al momento del parto.</p>
<p>L&#8217;ecografia del primo trimestre non deve essere abbandonata a favore dei sempre più diffusi test del DNA fetale. Secondo le attuali raccomandazioni, i NIPT sono raccomandati nei casi di sospetti difetti genetici o nei casi di rischio intermedio in un test composito. L&#8217;ecografia genetica svolge un ruolo molto importante nella diagnosi nelle prime fasi della gravidanza.</p>
<h2>Ecografia genetica: cosa esamina?</h2>
<p>Durante l&#8217;ecografia genetica, il ginecologo valuta la posizione della gravidanza, la sua vitalità, l&#8217;anatomia del feto e calcola il rischio di anomalie cromosomiche e di preeclampsia in un cosiddetto test combinato (che comprende la biochimica e l&#8217;ecografia). Viene inoltre determinata l&#8217;età della gravidanza. Se la data di scadenza calcolata differisce dalla data dell&#8217;ultima mestruazione di 7 giorni o più, diventa la data rilevante fino al termine della gravidanza. Non deve essere modificata durante gli esami ecografici successivi.</p>
<p>Una parte importante dell&#8217;ecografia genetica è la valutazione della translucenza nucale. Un&#8217;immagine anomala può essere associata a malattie come la sindrome di Down. Per rendere più accurata la valutazione del rischio, oltre alla translucenza nucale si devono prendere in considerazione l&#8217;anamnesi della madre e i parametri ematici come la beta-hCG libera, la PAPP-A e la PlGF.</p>

<p>Durante la gravidanza, ogni futura madre dovrebbe sottoporsi a quattro esami ecografici obbligatori. Uno di questi è l&#8217;ecografia genetica. Quando deve essere eseguita e cosa viene controllato durante questo esame?</p>
