{"id":6168,"date":"2023-08-16T07:53:35","date_gmt":"2023-08-16T05:53:35","guid":{"rendered":"https:\/\/wordpress-famicord-ch.empressia.dev\/pregnancy-zone-2\/%pregnancy_zone_category%\/schwaechere-wahrnehmung-der-foetalen-bewegungen"},"modified":"2026-01-09T11:23:54","modified_gmt":"2026-01-09T10:23:54","slug":"schwaechere-wahrnehmung-der-foetalen-bewegungen","status":"publish","type":"pregnancy_zone","link":"https:\/\/famicord.ch\/it\/pregnancy-zone-2\/come-ci-si-prende-cura-di-se-durante-la-gravidanza\/schwaechere-wahrnehmung-der-foetalen-bewegungen","title":{"rendered":"Percezione pi\u00f9 debole dei movimenti fetali"},"content":{"rendered":"<h2>Percezione pi\u00f9 debole dei movimenti fetali: cosa significa?<\/h2>\n<p>I movimenti del bambino nel grembo materno sono un indicatore del benessere del feto e possono fornire informazioni preziose per la diagnosi di eventuali anomalie. \u00c8 interessante notare che l&#8217;attivit\u00e0 del bambino cambia durante il giorno, per cui \u00e8 possibile individuare le fasi di sonno e di veglia. \u00c8 noto che il feto diventa pi\u00f9 attivo dopo che la donna incinta ha consumato un pasto o quando si sdraia e riposa. La fase di sonno del bambino, invece, di solito coincide con una fase di maggiore attivit\u00e0 fisica della donna. La diminuzione della consapevolezza dei movimenti fetali pu\u00f2 essere dovuta a diversi motivi. Si tratta di situazioni minori come il sonno del bambino o la posizione della placenta contro la parete anteriore dell&#8217;utero, ma anche di situazioni gravi come l&#8217;inibizione della crescita dell&#8217;utero o il rischio di morte del feto. Le donne che lottano contro l&#8217;obesit\u00e0 possono anche sperimentare movimenti pi\u00f9 deboli del bambino.<\/p>\n<h2>Indebolimento della percezione dei movimenti fetali &#8211; trattamento<\/h2>\n<p>Se la futura mamma nota un cambiamento nell&#8217;attivit\u00e0 quotidiana del bambino e una diminuzione del numero di movimenti, deve recarsi in ospedale o dal medico curante. L\u00ec verranno eseguiti un&#8217;ecografia e, nella maggior parte dei casi, un esame OCG. La futura madre pu\u00f2 essere indirizzata a un&#8217;unit\u00e0 di patologia della gravidanza per monitorare le condizioni del feto ed escludere ogni possibile pericolo per la sua salute o la sua vita. Vengono effettuate anche misurazioni del flusso vascolare per consentire al medico di determinare o escludere, ad esempio, un&#8217;insufficienza placentare.<\/p>\n<h2>Assenza di movimenti fetali<\/h2>\n<p>Se la gestante non sente il feto in movimento, deve recarsi immediatamente al pronto soccorso ginecologico-gastronomico per controllare la funzionalit\u00e0 cardiaca del bambino. Di solito, nelle gravidanze al di sotto delle 24 settimane, la frequenza cardiaca viene auscultata o valutata con un&#8217;ecografia; nelle gravidanze pi\u00f9 grandi, viene effettuata una TAC. Queste misurazioni sono estremamente importanti perch\u00e9 la mancanza di movimento del bambino segnalata dalla gestante pu\u00f2 essere associata alla morte del feto nel grembo materno.<\/p>\n","protected":false},"excerpt":{"rendered":"<p>I movimenti del feto vengono solitamente percepiti dalla gestante a partire dalla 20a settimana di gravidanza e grazie ad essi la futura mamma pu\u00f2 monitorare l&#8217;attivit\u00e0 e il benessere del suo bambino. Una percezione pi\u00f9 debole dei movimenti fetali \u00e8 sempre motivo di preoccupazione per la gestante. Quali possono essere le cause e qual \u00e8 la cosa migliore da fare in caso di riduzione dei movimenti?<\/p>\n","protected":false},"author":2,"featured_media":5127,"template":"","pregnancy_zone_category":[96],"class_list":["post-6168","pregnancy_zone","type-pregnancy_zone","status-publish","has-post-thumbnail","hentry","pregnancy_zone_category-come-ci-si-prende-cura-di-se-durante-la-gravidanza"],"acf":[],"yoast_head":"<!-- This site is optimized with the Yoast SEO plugin v27.5 - https:\/\/yoast.com\/product\/yoast-seo-wordpress\/ -->\n<title>Riduzione dei movimenti fetali | FamiCord<\/title>\n<meta name=\"description\" content=\"Cosa indica una ridotta percezione dei movimenti fetali, le possibili cause e quando rivolgersi subito al medico.\" \/>\n<meta name=\"robots\" content=\"index, follow, max-snippet:-1, max-image-preview:large, max-video-preview:-1\" \/>\n<link rel=\"canonical\" href=\"https:\/\/famicord.ch\/it\/pregnancy-zone-2\/come-ci-si-prende-cura-di-se-durante-la-gravidanza\/schwaechere-wahrnehmung-der-foetalen-bewegungen\" \/>\n<meta property=\"og:locale\" content=\"it_IT\" \/>\n<meta property=\"og:type\" content=\"article\" \/>\n<meta property=\"og:title\" content=\"Riduzione dei movimenti fetali | FamiCord\" \/>\n<meta property=\"og:description\" content=\"Cosa indica una ridotta percezione dei movimenti fetali, le possibili cause e quando rivolgersi subito al medico.\" \/>\n<meta property=\"og:url\" content=\"https:\/\/famicord.ch\/it\/pregnancy-zone-2\/come-ci-si-prende-cura-di-se-durante-la-gravidanza\/schwaechere-wahrnehmung-der-foetalen-bewegungen\" \/>\n<meta property=\"og:site_name\" content=\"Famicord Suisse\" \/>\n<meta property=\"article:modified_time\" content=\"2026-01-09T10:23:54+00:00\" \/>\n<meta property=\"og:image\" content=\"https:\/\/famicord.ch\/wp-content\/uploads\/2024\/08\/foetale_Bewegungen.jpg\" \/>\n\t<meta property=\"og:image:width\" content=\"640\" \/>\n\t<meta property=\"og:image:height\" content=\"427\" \/>\n\t<meta property=\"og:image:type\" content=\"image\/webp\" \/>\n<meta name=\"twitter:card\" content=\"summary_large_image\" \/>\n<meta name=\"twitter:label1\" content=\"Est. reading time\" \/>\n\t<meta name=\"twitter:data1\" content=\"3 minutes\" \/>\n<script type=\"application\/ld+json\" class=\"yoast-schema-graph\">{\"@context\":\"https:\\\/\\\/schema.org\",\"@graph\":[{\"@type\":\"WebPage\",\"@id\":\"https:\\\/\\\/famicord.ch\\\/it\\\/pregnancy-zone-2\\\/come-ci-si-prende-cura-di-se-durante-la-gravidanza\\\/schwaechere-wahrnehmung-der-foetalen-bewegungen\",\"url\":\"https:\\\/\\\/famicord.ch\\\/it\\\/pregnancy-zone-2\\\/come-ci-si-prende-cura-di-se-durante-la-gravidanza\\\/schwaechere-wahrnehmung-der-foetalen-bewegungen\",\"name\":\"Riduzione dei movimenti fetali | FamiCord\",\"isPartOf\":{\"@id\":\"https:\\\/\\\/famicord.ch\\\/it#website\"},\"primaryImageOfPage\":{\"@id\":\"https:\\\/\\\/famicord.ch\\\/it\\\/pregnancy-zone-2\\\/come-ci-si-prende-cura-di-se-durante-la-gravidanza\\\/schwaechere-wahrnehmung-der-foetalen-bewegungen#primaryimage\"},\"image\":{\"@id\":\"https:\\\/\\\/famicord.ch\\\/it\\\/pregnancy-zone-2\\\/come-ci-si-prende-cura-di-se-durante-la-gravidanza\\\/schwaechere-wahrnehmung-der-foetalen-bewegungen#primaryimage\"},\"thumbnailUrl\":\"https:\\\/\\\/famicord.ch\\\/wp-content\\\/uploads\\\/2024\\\/08\\\/foetale_Bewegungen.jpg\",\"datePublished\":\"2023-08-16T05:53:35+00:00\",\"dateModified\":\"2026-01-09T10:23:54+00:00\",\"description\":\"Cosa indica una ridotta percezione dei movimenti fetali, le possibili cause e quando rivolgersi subito al medico.\",\"breadcrumb\":{\"@id\":\"https:\\\/\\\/famicord.ch\\\/it\\\/pregnancy-zone-2\\\/come-ci-si-prende-cura-di-se-durante-la-gravidanza\\\/schwaechere-wahrnehmung-der-foetalen-bewegungen#breadcrumb\"},\"inLanguage\":\"it-CH\",\"potentialAction\":[{\"@type\":\"ReadAction\",\"target\":[\"https:\\\/\\\/famicord.ch\\\/it\\\/pregnancy-zone-2\\\/come-ci-si-prende-cura-di-se-durante-la-gravidanza\\\/schwaechere-wahrnehmung-der-foetalen-bewegungen\"]}]},{\"@type\":\"ImageObject\",\"inLanguage\":\"it-CH\",\"@id\":\"https:\\\/\\\/famicord.ch\\\/it\\\/pregnancy-zone-2\\\/come-ci-si-prende-cura-di-se-durante-la-gravidanza\\\/schwaechere-wahrnehmung-der-foetalen-bewegungen#primaryimage\",\"url\":\"https:\\\/\\\/famicord.ch\\\/wp-content\\\/uploads\\\/2024\\\/08\\\/foetale_Bewegungen.jpg\",\"contentUrl\":\"https:\\\/\\\/famicord.ch\\\/wp-content\\\/uploads\\\/2024\\\/08\\\/foetale_Bewegungen.jpg\",\"width\":640,\"height\":427},{\"@type\":\"BreadcrumbList\",\"@id\":\"https:\\\/\\\/famicord.ch\\\/it\\\/pregnancy-zone-2\\\/come-ci-si-prende-cura-di-se-durante-la-gravidanza\\\/schwaechere-wahrnehmung-der-foetalen-bewegungen#breadcrumb\",\"itemListElement\":[{\"@type\":\"ListItem\",\"position\":1,\"name\":\"Home\",\"item\":\"https:\\\/\\\/famicord.ch\\\/it\"},{\"@type\":\"ListItem\",\"position\":2,\"name\":\"FamiBlog\",\"item\":\"https:\\\/\\\/famicord.ch\\\/it\\\/pregnancy-zone-2\"},{\"@type\":\"ListItem\",\"position\":3,\"name\":\"Percezione pi\u00f9 debole dei movimenti fetali\"}]},{\"@type\":\"WebSite\",\"@id\":\"https:\\\/\\\/famicord.ch\\\/it#website\",\"url\":\"https:\\\/\\\/famicord.ch\\\/it\",\"name\":\"Famicord.ch\",\"description\":\"\",\"potentialAction\":[{\"@type\":\"SearchAction\",\"target\":{\"@type\":\"EntryPoint\",\"urlTemplate\":\"https:\\\/\\\/famicord.ch\\\/it?s={search_term_string}\"},\"query-input\":{\"@type\":\"PropertyValueSpecification\",\"valueRequired\":true,\"valueName\":\"search_term_string\"}}],\"inLanguage\":\"it-CH\"}]}<\/script>\n<!-- \/ Yoast SEO plugin. -->","yoast_head_json":{"title":"Riduzione dei movimenti fetali | FamiCord","description":"Cosa indica una ridotta percezione dei movimenti fetali, le possibili cause e quando rivolgersi subito al medico.","robots":{"index":"index","follow":"follow","max-snippet":"max-snippet:-1","max-image-preview":"max-image-preview:large","max-video-preview":"max-video-preview:-1"},"canonical":"https:\/\/famicord.ch\/it\/pregnancy-zone-2\/come-ci-si-prende-cura-di-se-durante-la-gravidanza\/schwaechere-wahrnehmung-der-foetalen-bewegungen","og_locale":"it_IT","og_type":"article","og_title":"Riduzione dei movimenti fetali | FamiCord","og_description":"Cosa indica una ridotta percezione dei movimenti fetali, le possibili cause e quando rivolgersi subito al medico.","og_url":"https:\/\/famicord.ch\/it\/pregnancy-zone-2\/come-ci-si-prende-cura-di-se-durante-la-gravidanza\/schwaechere-wahrnehmung-der-foetalen-bewegungen","og_site_name":"Famicord Suisse","article_modified_time":"2026-01-09T10:23:54+00:00","og_image":[{"width":640,"height":427,"url":"https:\/\/famicord.ch\/wp-content\/uploads\/2024\/08\/foetale_Bewegungen.jpg","type":"image\/webp"}],"twitter_card":"summary_large_image","twitter_misc":{"Est. reading time":"3 minutes"},"schema":{"@context":"https:\/\/schema.org","@graph":[{"@type":"WebPage","@id":"https:\/\/famicord.ch\/it\/pregnancy-zone-2\/come-ci-si-prende-cura-di-se-durante-la-gravidanza\/schwaechere-wahrnehmung-der-foetalen-bewegungen","url":"https:\/\/famicord.ch\/it\/pregnancy-zone-2\/come-ci-si-prende-cura-di-se-durante-la-gravidanza\/schwaechere-wahrnehmung-der-foetalen-bewegungen","name":"Riduzione dei movimenti fetali | FamiCord","isPartOf":{"@id":"https:\/\/famicord.ch\/it#website"},"primaryImageOfPage":{"@id":"https:\/\/famicord.ch\/it\/pregnancy-zone-2\/come-ci-si-prende-cura-di-se-durante-la-gravidanza\/schwaechere-wahrnehmung-der-foetalen-bewegungen#primaryimage"},"image":{"@id":"https:\/\/famicord.ch\/it\/pregnancy-zone-2\/come-ci-si-prende-cura-di-se-durante-la-gravidanza\/schwaechere-wahrnehmung-der-foetalen-bewegungen#primaryimage"},"thumbnailUrl":"https:\/\/famicord.ch\/wp-content\/uploads\/2024\/08\/foetale_Bewegungen.jpg","datePublished":"2023-08-16T05:53:35+00:00","dateModified":"2026-01-09T10:23:54+00:00","description":"Cosa indica una ridotta percezione dei movimenti fetali, le possibili cause e quando rivolgersi subito al medico.","breadcrumb":{"@id":"https:\/\/famicord.ch\/it\/pregnancy-zone-2\/come-ci-si-prende-cura-di-se-durante-la-gravidanza\/schwaechere-wahrnehmung-der-foetalen-bewegungen#breadcrumb"},"inLanguage":"it-CH","potentialAction":[{"@type":"ReadAction","target":["https:\/\/famicord.ch\/it\/pregnancy-zone-2\/come-ci-si-prende-cura-di-se-durante-la-gravidanza\/schwaechere-wahrnehmung-der-foetalen-bewegungen"]}]},{"@type":"ImageObject","inLanguage":"it-CH","@id":"https:\/\/famicord.ch\/it\/pregnancy-zone-2\/come-ci-si-prende-cura-di-se-durante-la-gravidanza\/schwaechere-wahrnehmung-der-foetalen-bewegungen#primaryimage","url":"https:\/\/famicord.ch\/wp-content\/uploads\/2024\/08\/foetale_Bewegungen.jpg","contentUrl":"https:\/\/famicord.ch\/wp-content\/uploads\/2024\/08\/foetale_Bewegungen.jpg","width":640,"height":427},{"@type":"BreadcrumbList","@id":"https:\/\/famicord.ch\/it\/pregnancy-zone-2\/come-ci-si-prende-cura-di-se-durante-la-gravidanza\/schwaechere-wahrnehmung-der-foetalen-bewegungen#breadcrumb","itemListElement":[{"@type":"ListItem","position":1,"name":"Home","item":"https:\/\/famicord.ch\/it"},{"@type":"ListItem","position":2,"name":"FamiBlog","item":"https:\/\/famicord.ch\/it\/pregnancy-zone-2"},{"@type":"ListItem","position":3,"name":"Percezione pi\u00f9 debole dei movimenti fetali"}]},{"@type":"WebSite","@id":"https:\/\/famicord.ch\/it#website","url":"https:\/\/famicord.ch\/it","name":"Famicord.ch","description":"","potentialAction":[{"@type":"SearchAction","target":{"@type":"EntryPoint","urlTemplate":"https:\/\/famicord.ch\/it?s={search_term_string}"},"query-input":{"@type":"PropertyValueSpecification","valueRequired":true,"valueName":"search_term_string"}}],"inLanguage":"it-CH"}]}},"_links":{"self":[{"href":"https:\/\/famicord.ch\/it\/wp-json\/wp\/v2\/pregnancy_zone\/6168","targetHints":{"allow":["GET"]}}],"collection":[{"href":"https:\/\/famicord.ch\/it\/wp-json\/wp\/v2\/pregnancy_zone"}],"about":[{"href":"https:\/\/famicord.ch\/it\/wp-json\/wp\/v2\/types\/pregnancy_zone"}],"author":[{"embeddable":true,"href":"https:\/\/famicord.ch\/it\/wp-json\/wp\/v2\/users\/2"}],"wp:featuredmedia":[{"embeddable":true,"href":"https:\/\/famicord.ch\/it\/wp-json\/wp\/v2\/media\/5127"}],"wp:attachment":[{"href":"https:\/\/famicord.ch\/it\/wp-json\/wp\/v2\/media?parent=6168"}],"wp:term":[{"taxonomy":"pregnancy_zone_category","embeddable":true,"href":"https:\/\/famicord.ch\/it\/wp-json\/wp\/v2\/pregnancy_zone_category?post=6168"}],"curies":[{"name":"wp","href":"https:\/\/api.w.org\/{rel}","templated":true}]}}

Percezione più debole dei movimenti fetali

<h2>Percezione più debole dei movimenti fetali: cosa significa?</h2>
<p>I movimenti del bambino nel grembo materno sono un indicatore del benessere del feto e possono fornire informazioni preziose per la diagnosi di eventuali anomalie. È interessante notare che l&#8217;attività del bambino cambia durante il giorno, per cui è possibile individuare le fasi di sonno e di veglia. È noto che il feto diventa più attivo dopo che la donna incinta ha consumato un pasto o quando si sdraia e riposa. La fase di sonno del bambino, invece, di solito coincide con una fase di maggiore attività fisica della donna. La diminuzione della consapevolezza dei movimenti fetali può essere dovuta a diversi motivi. Si tratta di situazioni minori come il sonno del bambino o la posizione della placenta contro la parete anteriore dell&#8217;utero, ma anche di situazioni gravi come l&#8217;inibizione della crescita dell&#8217;utero o il rischio di morte del feto. Le donne che lottano contro l&#8217;obesità possono anche sperimentare movimenti più deboli del bambino.</p>
<h2>Indebolimento della percezione dei movimenti fetali &#8211; trattamento</h2>
<p>Se la futura mamma nota un cambiamento nell&#8217;attività quotidiana del bambino e una diminuzione del numero di movimenti, deve recarsi in ospedale o dal medico curante. Lì verranno eseguiti un&#8217;ecografia e, nella maggior parte dei casi, un esame OCG. La futura madre può essere indirizzata a un&#8217;unità di patologia della gravidanza per monitorare le condizioni del feto ed escludere ogni possibile pericolo per la sua salute o la sua vita. Vengono effettuate anche misurazioni del flusso vascolare per consentire al medico di determinare o escludere, ad esempio, un&#8217;insufficienza placentare.</p>
<h2>Assenza di movimenti fetali</h2>
<p>Se la gestante non sente il feto in movimento, deve recarsi immediatamente al pronto soccorso ginecologico-gastronomico per controllare la funzionalità cardiaca del bambino. Di solito, nelle gravidanze al di sotto delle 24 settimane, la frequenza cardiaca viene auscultata o valutata con un&#8217;ecografia; nelle gravidanze più grandi, viene effettuata una TAC. Queste misurazioni sono estremamente importanti perché la mancanza di movimento del bambino segnalata dalla gestante può essere associata alla morte del feto nel grembo materno.</p>

<p>I movimenti del feto vengono solitamente percepiti dalla gestante a partire dalla 20a settimana di gravidanza e grazie ad essi la futura mamma può monitorare l&#8217;attività e il benessere del suo bambino. Una percezione più debole dei movimenti fetali è sempre motivo di preoccupazione per la gestante. Quali possono essere le cause e qual è la cosa migliore da fare in caso di riduzione dei movimenti?</p>

<!-- This site is optimized with the Yoast SEO plugin v27.5 - https://yoast.com/product/yoast-seo-wordpress/ -->
<title>Riduzione dei movimenti fetali | FamiCord</title>
<meta name="description" content="Cosa indica una ridotta percezione dei movimenti fetali, le possibili cause e quando rivolgersi subito al medico." />
<meta name="robots" content="index, follow, max-snippet:-1, max-image-preview:large, max-video-preview:-1" />
<link rel="canonical" href="https://famicord.ch/it/pregnancy-zone-2/come-ci-si-prende-cura-di-se-durante-la-gravidanza/schwaechere-wahrnehmung-der-foetalen-bewegungen" />
<meta property="og:locale" content="it_IT" />
<meta property="og:type" content="article" />
<meta property="og:title" content="Riduzione dei movimenti fetali | FamiCord" />
<meta property="og:description" content="Cosa indica una ridotta percezione dei movimenti fetali, le possibili cause e quando rivolgersi subito al medico." />
<meta property="og:url" content="https://famicord.ch/it/pregnancy-zone-2/come-ci-si-prende-cura-di-se-durante-la-gravidanza/schwaechere-wahrnehmung-der-foetalen-bewegungen" />
<meta property="og:site_name" content="Famicord Suisse" />
<meta property="article:modified_time" content="2026-01-09T10:23:54+00:00" />
<meta property="og:image" content="https://famicord.ch/wp-content/uploads/2024/08/foetale_Bewegungen.jpg" />
	<meta property="og:image:width" content="640" />
	<meta property="og:image:height" content="427" />
	<meta property="og:image:type" content="image/webp" />
<meta name="twitter:card" content="summary_large_image" />
<meta name="twitter:label1" content="Est. reading time" />
	<meta name="twitter:data1" content="3 minutes" />
<script type="application/ld+json" class="yoast-schema-graph">{"@context":"https:\/\/schema.org","@graph":[{"@type":"WebPage","@id":"https:\/\/famicord.ch\/it\/pregnancy-zone-2\/come-ci-si-prende-cura-di-se-durante-la-gravidanza\/schwaechere-wahrnehmung-der-foetalen-bewegungen","url":"https:\/\/famicord.ch\/it\/pregnancy-zone-2\/come-ci-si-prende-cura-di-se-durante-la-gravidanza\/schwaechere-wahrnehmung-der-foetalen-bewegungen","name":"Riduzione dei movimenti fetali | FamiCord","isPartOf":{"@id":"https:\/\/famicord.ch\/it#website"},"primaryImageOfPage":{"@id":"https:\/\/famicord.ch\/it\/pregnancy-zone-2\/come-ci-si-prende-cura-di-se-durante-la-gravidanza\/schwaechere-wahrnehmung-der-foetalen-bewegungen#primaryimage"},"image":{"@id":"https:\/\/famicord.ch\/it\/pregnancy-zone-2\/come-ci-si-prende-cura-di-se-durante-la-gravidanza\/schwaechere-wahrnehmung-der-foetalen-bewegungen#primaryimage"},"thumbnailUrl":"https:\/\/famicord.ch\/wp-content\/uploads\/2024\/08\/foetale_Bewegungen.jpg","datePublished":"2023-08-16T05:53:35+00:00","dateModified":"2026-01-09T10:23:54+00:00","description":"Cosa indica una ridotta percezione dei movimenti fetali, le possibili cause e quando rivolgersi subito al medico.","breadcrumb":{"@id":"https:\/\/famicord.ch\/it\/pregnancy-zone-2\/come-ci-si-prende-cura-di-se-durante-la-gravidanza\/schwaechere-wahrnehmung-der-foetalen-bewegungen#breadcrumb"},"inLanguage":"it-CH","potentialAction":[{"@type":"ReadAction","target":["https:\/\/famicord.ch\/it\/pregnancy-zone-2\/come-ci-si-prende-cura-di-se-durante-la-gravidanza\/schwaechere-wahrnehmung-der-foetalen-bewegungen"]}]},{"@type":"ImageObject","inLanguage":"it-CH","@id":"https:\/\/famicord.ch\/it\/pregnancy-zone-2\/come-ci-si-prende-cura-di-se-durante-la-gravidanza\/schwaechere-wahrnehmung-der-foetalen-bewegungen#primaryimage","url":"https:\/\/famicord.ch\/wp-content\/uploads\/2024\/08\/foetale_Bewegungen.jpg","contentUrl":"https:\/\/famicord.ch\/wp-content\/uploads\/2024\/08\/foetale_Bewegungen.jpg","width":640,"height":427},{"@type":"BreadcrumbList","@id":"https:\/\/famicord.ch\/it\/pregnancy-zone-2\/come-ci-si-prende-cura-di-se-durante-la-gravidanza\/schwaechere-wahrnehmung-der-foetalen-bewegungen#breadcrumb","itemListElement":[{"@type":"ListItem","position":1,"name":"Home","item":"https:\/\/famicord.ch\/it"},{"@type":"ListItem","position":2,"name":"FamiBlog","item":"https:\/\/famicord.ch\/it\/pregnancy-zone-2"},{"@type":"ListItem","position":3,"name":"Percezione più debole dei movimenti fetali"}]},{"@type":"WebSite","@id":"https:\/\/famicord.ch\/it#website","url":"https:\/\/famicord.ch\/it","name":"Famicord.ch","description":"","potentialAction":[{"@type":"SearchAction","target":{"@type":"EntryPoint","urlTemplate":"https:\/\/famicord.ch\/it?s={search_term_string}"},"query-input":{"@type":"PropertyValueSpecification","valueRequired":true,"valueName":"search_term_string"}}],"inLanguage":"it-CH"}]}</script>
<!-- / Yoast SEO plugin. -->
