{"id":6154,"date":"2023-06-28T07:53:35","date_gmt":"2023-06-28T05:53:35","guid":{"rendered":"https:\/\/wordpress-famicord-ch.empressia.dev\/pregnancy-zone-2\/%pregnancy_zone_category%\/haare-in-der-schwangerschaft"},"modified":"2026-01-12T15:13:56","modified_gmt":"2026-01-12T14:13:56","slug":"haare-in-der-schwangerschaft","status":"publish","type":"pregnancy_zone","link":"https:\/\/famicord.ch\/it\/pregnancy-zone-2\/come-ci-si-prende-cura-di-se-durante-la-gravidanza\/haare-in-der-schwangerschaft","title":{"rendered":"Capelli in gravidanza"},"content":{"rendered":"<h2>Capelli in gravidanza: cadono?<\/h2>\n<p>La maggior parte delle future mamme desidera una risposta chiara alla domanda su come stanno i capelli durante la gravidanza. Tuttavia, questo non \u00e8 possibile. Ogni caso \u00e8 diverso e, proprio come i sintomi della gravidanza, anche la condizione dei capelli dipende dalla singola donna. Tuttavia, \u00e8 noto che nella maggior parte delle donne incinte i capelli acquistano lucentezza e diventano pi\u00f9 forti, mentre dopo il parto cadono in fila. Tuttavia, questa non \u00e8 la regola. Il motivo \u00e8 la tempesta ormonale che si verifica nel corpo della futura mamma. In alcune donne i capelli si arricciano e diventano crespi durante la gravidanza, mentre in altre sono sottili, lisci e piatti.<\/p>\n<h2>Capelli in gravidanza &#8211; colorazione<\/h2>\n<p>Il mito della tintura dei capelli durante la gravidanza \u00e8 stato ripetuto dalle nostre nonne e madri. Al giorno d&#8217;oggi, tuttavia, le tinture per capelli contengono molto raramente la dannosa ammoniaca. Pertanto, \u00e8 meglio scegliere un salone che utilizza questo tipo di tintura. Il mito del divieto di tingere o decolorare i capelli durante la gravidanza si basava sul fatto che l&#8217;inalazione di ammoniaca in eccesso fosse dannosa. Oggi esistono sempre pi\u00f9 tinte antiallergiche e adatte, ad esempio, alle donne sensibili agli odori pungenti. Se l&#8217;odore della tintura per capelli vi d\u00e0 ancora fastidio, \u00e8 consigliabile rimandare la visita dal parrucchiere al secondo trimestre, quando la sensibilit\u00e0 al gusto o all&#8217;olfatto probabilmente non \u00e8 pi\u00f9 cos\u00ec fastidiosa.<\/p>\n<h2>Capelli in gravidanza: si possono lisciare?<\/h2>\n<p>La maggior parte dei prodotti per la cura dei capelli \u00e8 sicura durante la gravidanza. Tuttavia, \u00e8 bene scegliere prodotti adatti alle donne incinte, con fragranze neutre e il minor numero possibile di ingredienti chimici. Lo stesso vale per arricciare o lisciare i capelli. Anche arricciare o lisciare i capelli \u00e8 sicuro durante la gravidanza, ma bisogna considerare gli effetti negativi del calore sui capelli. La stiratura con cheratina, invece, \u00e8 da evitare perch\u00e9 la futura mamma pu\u00f2 inalare ammoniaca durante il processo. Oltre alla cheratina, questi prodotti contengono anche formaldeide.<\/p>\n","protected":false},"excerpt":{"rendered":"<p>Le donne chiedono spesso al proprio medico di famiglia quali procedure cosmetiche e di cura dei capelli sono sicure durante la gravidanza. Una delle domande ricorrenti riguarda la colorazione dei capelli. \u00c8 sicura durante la gravidanza?<\/p>\n","protected":false},"author":2,"featured_media":5043,"template":"","pregnancy_zone_category":[96],"class_list":["post-6154","pregnancy_zone","type-pregnancy_zone","status-publish","has-post-thumbnail","hentry","pregnancy_zone_category-come-ci-si-prende-cura-di-se-durante-la-gravidanza"],"acf":[],"yoast_head":"<!-- This site is optimized with the Yoast SEO plugin v27.5 - https:\/\/yoast.com\/product\/yoast-seo-wordpress\/ -->\n<title>Capelli in gravidanza | FamiCord<\/title>\n<meta name=\"description\" content=\"Capelli in gravidanza: caduta, tintura, lisciatura e cura dei capelli. Cosa \u00e8 sicuro e quali cambiamenti sono normali.\" \/>\n<meta name=\"robots\" content=\"index, follow, max-snippet:-1, max-image-preview:large, max-video-preview:-1\" \/>\n<link rel=\"canonical\" href=\"https:\/\/famicord.ch\/it\/pregnancy-zone-2\/come-ci-si-prende-cura-di-se-durante-la-gravidanza\/haare-in-der-schwangerschaft\" \/>\n<meta property=\"og:locale\" content=\"it_IT\" \/>\n<meta property=\"og:type\" content=\"article\" \/>\n<meta property=\"og:title\" content=\"Capelli in gravidanza | FamiCord\" \/>\n<meta property=\"og:description\" content=\"Capelli in gravidanza: caduta, tintura, lisciatura e cura dei capelli. Cosa \u00e8 sicuro e quali cambiamenti sono normali.\" \/>\n<meta property=\"og:url\" content=\"https:\/\/famicord.ch\/it\/pregnancy-zone-2\/come-ci-si-prende-cura-di-se-durante-la-gravidanza\/haare-in-der-schwangerschaft\" \/>\n<meta property=\"og:site_name\" content=\"Famicord Suisse\" \/>\n<meta property=\"article:modified_time\" content=\"2026-01-12T14:13:56+00:00\" \/>\n<meta property=\"og:image\" content=\"https:\/\/famicord.ch\/wp-content\/uploads\/2024\/08\/Haare.jpg\" \/>\n\t<meta property=\"og:image:width\" content=\"640\" \/>\n\t<meta property=\"og:image:height\" content=\"460\" \/>\n\t<meta property=\"og:image:type\" content=\"image\/webp\" \/>\n<meta name=\"twitter:card\" content=\"summary_large_image\" \/>\n<meta name=\"twitter:label1\" content=\"Est. reading time\" \/>\n\t<meta name=\"twitter:data1\" content=\"3 minutes\" \/>\n<script type=\"application\/ld+json\" class=\"yoast-schema-graph\">{\"@context\":\"https:\\\/\\\/schema.org\",\"@graph\":[{\"@type\":\"WebPage\",\"@id\":\"https:\\\/\\\/famicord.ch\\\/it\\\/pregnancy-zone-2\\\/come-ci-si-prende-cura-di-se-durante-la-gravidanza\\\/haare-in-der-schwangerschaft\",\"url\":\"https:\\\/\\\/famicord.ch\\\/it\\\/pregnancy-zone-2\\\/come-ci-si-prende-cura-di-se-durante-la-gravidanza\\\/haare-in-der-schwangerschaft\",\"name\":\"Capelli in gravidanza | FamiCord\",\"isPartOf\":{\"@id\":\"https:\\\/\\\/famicord.ch\\\/it#website\"},\"primaryImageOfPage\":{\"@id\":\"https:\\\/\\\/famicord.ch\\\/it\\\/pregnancy-zone-2\\\/come-ci-si-prende-cura-di-se-durante-la-gravidanza\\\/haare-in-der-schwangerschaft#primaryimage\"},\"image\":{\"@id\":\"https:\\\/\\\/famicord.ch\\\/it\\\/pregnancy-zone-2\\\/come-ci-si-prende-cura-di-se-durante-la-gravidanza\\\/haare-in-der-schwangerschaft#primaryimage\"},\"thumbnailUrl\":\"https:\\\/\\\/famicord.ch\\\/wp-content\\\/uploads\\\/2024\\\/08\\\/Haare.jpg\",\"datePublished\":\"2023-06-28T05:53:35+00:00\",\"dateModified\":\"2026-01-12T14:13:56+00:00\",\"description\":\"Capelli in gravidanza: caduta, tintura, lisciatura e cura dei capelli. Cosa \u00e8 sicuro e quali cambiamenti sono normali.\",\"breadcrumb\":{\"@id\":\"https:\\\/\\\/famicord.ch\\\/it\\\/pregnancy-zone-2\\\/come-ci-si-prende-cura-di-se-durante-la-gravidanza\\\/haare-in-der-schwangerschaft#breadcrumb\"},\"inLanguage\":\"it-CH\",\"potentialAction\":[{\"@type\":\"ReadAction\",\"target\":[\"https:\\\/\\\/famicord.ch\\\/it\\\/pregnancy-zone-2\\\/come-ci-si-prende-cura-di-se-durante-la-gravidanza\\\/haare-in-der-schwangerschaft\"]}]},{\"@type\":\"ImageObject\",\"inLanguage\":\"it-CH\",\"@id\":\"https:\\\/\\\/famicord.ch\\\/it\\\/pregnancy-zone-2\\\/come-ci-si-prende-cura-di-se-durante-la-gravidanza\\\/haare-in-der-schwangerschaft#primaryimage\",\"url\":\"https:\\\/\\\/famicord.ch\\\/wp-content\\\/uploads\\\/2024\\\/08\\\/Haare.jpg\",\"contentUrl\":\"https:\\\/\\\/famicord.ch\\\/wp-content\\\/uploads\\\/2024\\\/08\\\/Haare.jpg\",\"width\":640,\"height\":460},{\"@type\":\"BreadcrumbList\",\"@id\":\"https:\\\/\\\/famicord.ch\\\/it\\\/pregnancy-zone-2\\\/come-ci-si-prende-cura-di-se-durante-la-gravidanza\\\/haare-in-der-schwangerschaft#breadcrumb\",\"itemListElement\":[{\"@type\":\"ListItem\",\"position\":1,\"name\":\"Home\",\"item\":\"https:\\\/\\\/famicord.ch\\\/it\"},{\"@type\":\"ListItem\",\"position\":2,\"name\":\"FamiBlog\",\"item\":\"https:\\\/\\\/famicord.ch\\\/it\\\/pregnancy-zone-2\"},{\"@type\":\"ListItem\",\"position\":3,\"name\":\"Capelli in gravidanza\"}]},{\"@type\":\"WebSite\",\"@id\":\"https:\\\/\\\/famicord.ch\\\/it#website\",\"url\":\"https:\\\/\\\/famicord.ch\\\/it\",\"name\":\"Famicord.ch\",\"description\":\"\",\"potentialAction\":[{\"@type\":\"SearchAction\",\"target\":{\"@type\":\"EntryPoint\",\"urlTemplate\":\"https:\\\/\\\/famicord.ch\\\/it?s={search_term_string}\"},\"query-input\":{\"@type\":\"PropertyValueSpecification\",\"valueRequired\":true,\"valueName\":\"search_term_string\"}}],\"inLanguage\":\"it-CH\"}]}<\/script>\n<!-- \/ Yoast SEO plugin. -->","yoast_head_json":{"title":"Capelli in gravidanza | FamiCord","description":"Capelli in gravidanza: caduta, tintura, lisciatura e cura dei capelli. Cosa \u00e8 sicuro e quali cambiamenti sono normali.","robots":{"index":"index","follow":"follow","max-snippet":"max-snippet:-1","max-image-preview":"max-image-preview:large","max-video-preview":"max-video-preview:-1"},"canonical":"https:\/\/famicord.ch\/it\/pregnancy-zone-2\/come-ci-si-prende-cura-di-se-durante-la-gravidanza\/haare-in-der-schwangerschaft","og_locale":"it_IT","og_type":"article","og_title":"Capelli in gravidanza | FamiCord","og_description":"Capelli in gravidanza: caduta, tintura, lisciatura e cura dei capelli. Cosa \u00e8 sicuro e quali cambiamenti sono normali.","og_url":"https:\/\/famicord.ch\/it\/pregnancy-zone-2\/come-ci-si-prende-cura-di-se-durante-la-gravidanza\/haare-in-der-schwangerschaft","og_site_name":"Famicord Suisse","article_modified_time":"2026-01-12T14:13:56+00:00","og_image":[{"width":640,"height":460,"url":"https:\/\/famicord.ch\/wp-content\/uploads\/2024\/08\/Haare.jpg","type":"image\/webp"}],"twitter_card":"summary_large_image","twitter_misc":{"Est. reading time":"3 minutes"},"schema":{"@context":"https:\/\/schema.org","@graph":[{"@type":"WebPage","@id":"https:\/\/famicord.ch\/it\/pregnancy-zone-2\/come-ci-si-prende-cura-di-se-durante-la-gravidanza\/haare-in-der-schwangerschaft","url":"https:\/\/famicord.ch\/it\/pregnancy-zone-2\/come-ci-si-prende-cura-di-se-durante-la-gravidanza\/haare-in-der-schwangerschaft","name":"Capelli in gravidanza | FamiCord","isPartOf":{"@id":"https:\/\/famicord.ch\/it#website"},"primaryImageOfPage":{"@id":"https:\/\/famicord.ch\/it\/pregnancy-zone-2\/come-ci-si-prende-cura-di-se-durante-la-gravidanza\/haare-in-der-schwangerschaft#primaryimage"},"image":{"@id":"https:\/\/famicord.ch\/it\/pregnancy-zone-2\/come-ci-si-prende-cura-di-se-durante-la-gravidanza\/haare-in-der-schwangerschaft#primaryimage"},"thumbnailUrl":"https:\/\/famicord.ch\/wp-content\/uploads\/2024\/08\/Haare.jpg","datePublished":"2023-06-28T05:53:35+00:00","dateModified":"2026-01-12T14:13:56+00:00","description":"Capelli in gravidanza: caduta, tintura, lisciatura e cura dei capelli. Cosa \u00e8 sicuro e quali cambiamenti sono normali.","breadcrumb":{"@id":"https:\/\/famicord.ch\/it\/pregnancy-zone-2\/come-ci-si-prende-cura-di-se-durante-la-gravidanza\/haare-in-der-schwangerschaft#breadcrumb"},"inLanguage":"it-CH","potentialAction":[{"@type":"ReadAction","target":["https:\/\/famicord.ch\/it\/pregnancy-zone-2\/come-ci-si-prende-cura-di-se-durante-la-gravidanza\/haare-in-der-schwangerschaft"]}]},{"@type":"ImageObject","inLanguage":"it-CH","@id":"https:\/\/famicord.ch\/it\/pregnancy-zone-2\/come-ci-si-prende-cura-di-se-durante-la-gravidanza\/haare-in-der-schwangerschaft#primaryimage","url":"https:\/\/famicord.ch\/wp-content\/uploads\/2024\/08\/Haare.jpg","contentUrl":"https:\/\/famicord.ch\/wp-content\/uploads\/2024\/08\/Haare.jpg","width":640,"height":460},{"@type":"BreadcrumbList","@id":"https:\/\/famicord.ch\/it\/pregnancy-zone-2\/come-ci-si-prende-cura-di-se-durante-la-gravidanza\/haare-in-der-schwangerschaft#breadcrumb","itemListElement":[{"@type":"ListItem","position":1,"name":"Home","item":"https:\/\/famicord.ch\/it"},{"@type":"ListItem","position":2,"name":"FamiBlog","item":"https:\/\/famicord.ch\/it\/pregnancy-zone-2"},{"@type":"ListItem","position":3,"name":"Capelli in gravidanza"}]},{"@type":"WebSite","@id":"https:\/\/famicord.ch\/it#website","url":"https:\/\/famicord.ch\/it","name":"Famicord.ch","description":"","potentialAction":[{"@type":"SearchAction","target":{"@type":"EntryPoint","urlTemplate":"https:\/\/famicord.ch\/it?s={search_term_string}"},"query-input":{"@type":"PropertyValueSpecification","valueRequired":true,"valueName":"search_term_string"}}],"inLanguage":"it-CH"}]}},"_links":{"self":[{"href":"https:\/\/famicord.ch\/it\/wp-json\/wp\/v2\/pregnancy_zone\/6154","targetHints":{"allow":["GET"]}}],"collection":[{"href":"https:\/\/famicord.ch\/it\/wp-json\/wp\/v2\/pregnancy_zone"}],"about":[{"href":"https:\/\/famicord.ch\/it\/wp-json\/wp\/v2\/types\/pregnancy_zone"}],"author":[{"embeddable":true,"href":"https:\/\/famicord.ch\/it\/wp-json\/wp\/v2\/users\/2"}],"wp:featuredmedia":[{"embeddable":true,"href":"https:\/\/famicord.ch\/it\/wp-json\/wp\/v2\/media\/5043"}],"wp:attachment":[{"href":"https:\/\/famicord.ch\/it\/wp-json\/wp\/v2\/media?parent=6154"}],"wp:term":[{"taxonomy":"pregnancy_zone_category","embeddable":true,"href":"https:\/\/famicord.ch\/it\/wp-json\/wp\/v2\/pregnancy_zone_category?post=6154"}],"curies":[{"name":"wp","href":"https:\/\/api.w.org\/{rel}","templated":true}]}}

<h2>Capelli in gravidanza: cadono?</h2>
<p>La maggior parte delle future mamme desidera una risposta chiara alla domanda su come stanno i capelli durante la gravidanza. Tuttavia, questo non è possibile. Ogni caso è diverso e, proprio come i sintomi della gravidanza, anche la condizione dei capelli dipende dalla singola donna. Tuttavia, è noto che nella maggior parte delle donne incinte i capelli acquistano lucentezza e diventano più forti, mentre dopo il parto cadono in fila. Tuttavia, questa non è la regola. Il motivo è la tempesta ormonale che si verifica nel corpo della futura mamma. In alcune donne i capelli si arricciano e diventano crespi durante la gravidanza, mentre in altre sono sottili, lisci e piatti.</p>
<h2>Capelli in gravidanza &#8211; colorazione</h2>
<p>Il mito della tintura dei capelli durante la gravidanza è stato ripetuto dalle nostre nonne e madri. Al giorno d&#8217;oggi, tuttavia, le tinture per capelli contengono molto raramente la dannosa ammoniaca. Pertanto, è meglio scegliere un salone che utilizza questo tipo di tintura. Il mito del divieto di tingere o decolorare i capelli durante la gravidanza si basava sul fatto che l&#8217;inalazione di ammoniaca in eccesso fosse dannosa. Oggi esistono sempre più tinte antiallergiche e adatte, ad esempio, alle donne sensibili agli odori pungenti. Se l&#8217;odore della tintura per capelli vi dà ancora fastidio, è consigliabile rimandare la visita dal parrucchiere al secondo trimestre, quando la sensibilità al gusto o all&#8217;olfatto probabilmente non è più così fastidiosa.</p>
<h2>Capelli in gravidanza: si possono lisciare?</h2>
<p>La maggior parte dei prodotti per la cura dei capelli è sicura durante la gravidanza. Tuttavia, è bene scegliere prodotti adatti alle donne incinte, con fragranze neutre e il minor numero possibile di ingredienti chimici. Lo stesso vale per arricciare o lisciare i capelli. Anche arricciare o lisciare i capelli è sicuro durante la gravidanza, ma bisogna considerare gli effetti negativi del calore sui capelli. La stiratura con cheratina, invece, è da evitare perché la futura mamma può inalare ammoniaca durante il processo. Oltre alla cheratina, questi prodotti contengono anche formaldeide.</p>

<p>Le donne chiedono spesso al proprio medico di famiglia quali procedure cosmetiche e di cura dei capelli sono sicure durante la gravidanza. Una delle domande ricorrenti riguarda la colorazione dei capelli. È sicura durante la gravidanza?</p>

<!-- This site is optimized with the Yoast SEO plugin v27.5 - https://yoast.com/product/yoast-seo-wordpress/ -->
<title>Capelli in gravidanza | FamiCord</title>
<meta name="description" content="Capelli in gravidanza: caduta, tintura, lisciatura e cura dei capelli. Cosa è sicuro e quali cambiamenti sono normali." />
<meta name="robots" content="index, follow, max-snippet:-1, max-image-preview:large, max-video-preview:-1" />
<link rel="canonical" href="https://famicord.ch/it/pregnancy-zone-2/come-ci-si-prende-cura-di-se-durante-la-gravidanza/haare-in-der-schwangerschaft" />
<meta property="og:locale" content="it_IT" />
<meta property="og:type" content="article" />
<meta property="og:title" content="Capelli in gravidanza | FamiCord" />
<meta property="og:description" content="Capelli in gravidanza: caduta, tintura, lisciatura e cura dei capelli. Cosa è sicuro e quali cambiamenti sono normali." />
<meta property="og:url" content="https://famicord.ch/it/pregnancy-zone-2/come-ci-si-prende-cura-di-se-durante-la-gravidanza/haare-in-der-schwangerschaft" />
<meta property="og:site_name" content="Famicord Suisse" />
<meta property="article:modified_time" content="2026-01-12T14:13:56+00:00" />
<meta property="og:image" content="https://famicord.ch/wp-content/uploads/2024/08/Haare.jpg" />
	<meta property="og:image:width" content="640" />
	<meta property="og:image:height" content="460" />
	<meta property="og:image:type" content="image/webp" />
<meta name="twitter:card" content="summary_large_image" />
<meta name="twitter:label1" content="Est. reading time" />
	<meta name="twitter:data1" content="3 minutes" />
<script type="application/ld+json" class="yoast-schema-graph">{"@context":"https:\/\/schema.org","@graph":[{"@type":"WebPage","@id":"https:\/\/famicord.ch\/it\/pregnancy-zone-2\/come-ci-si-prende-cura-di-se-durante-la-gravidanza\/haare-in-der-schwangerschaft","url":"https:\/\/famicord.ch\/it\/pregnancy-zone-2\/come-ci-si-prende-cura-di-se-durante-la-gravidanza\/haare-in-der-schwangerschaft","name":"Capelli in gravidanza | FamiCord","isPartOf":{"@id":"https:\/\/famicord.ch\/it#website"},"primaryImageOfPage":{"@id":"https:\/\/famicord.ch\/it\/pregnancy-zone-2\/come-ci-si-prende-cura-di-se-durante-la-gravidanza\/haare-in-der-schwangerschaft#primaryimage"},"image":{"@id":"https:\/\/famicord.ch\/it\/pregnancy-zone-2\/come-ci-si-prende-cura-di-se-durante-la-gravidanza\/haare-in-der-schwangerschaft#primaryimage"},"thumbnailUrl":"https:\/\/famicord.ch\/wp-content\/uploads\/2024\/08\/Haare.jpg","datePublished":"2023-06-28T05:53:35+00:00","dateModified":"2026-01-12T14:13:56+00:00","description":"Capelli in gravidanza: caduta, tintura, lisciatura e cura dei capelli. Cosa è sicuro e quali cambiamenti sono normali.","breadcrumb":{"@id":"https:\/\/famicord.ch\/it\/pregnancy-zone-2\/come-ci-si-prende-cura-di-se-durante-la-gravidanza\/haare-in-der-schwangerschaft#breadcrumb"},"inLanguage":"it-CH","potentialAction":[{"@type":"ReadAction","target":["https:\/\/famicord.ch\/it\/pregnancy-zone-2\/come-ci-si-prende-cura-di-se-durante-la-gravidanza\/haare-in-der-schwangerschaft"]}]},{"@type":"ImageObject","inLanguage":"it-CH","@id":"https:\/\/famicord.ch\/it\/pregnancy-zone-2\/come-ci-si-prende-cura-di-se-durante-la-gravidanza\/haare-in-der-schwangerschaft#primaryimage","url":"https:\/\/famicord.ch\/wp-content\/uploads\/2024\/08\/Haare.jpg","contentUrl":"https:\/\/famicord.ch\/wp-content\/uploads\/2024\/08\/Haare.jpg","width":640,"height":460},{"@type":"BreadcrumbList","@id":"https:\/\/famicord.ch\/it\/pregnancy-zone-2\/come-ci-si-prende-cura-di-se-durante-la-gravidanza\/haare-in-der-schwangerschaft#breadcrumb","itemListElement":[{"@type":"ListItem","position":1,"name":"Home","item":"https:\/\/famicord.ch\/it"},{"@type":"ListItem","position":2,"name":"FamiBlog","item":"https:\/\/famicord.ch\/it\/pregnancy-zone-2"},{"@type":"ListItem","position":3,"name":"Capelli in gravidanza"}]},{"@type":"WebSite","@id":"https:\/\/famicord.ch\/it#website","url":"https:\/\/famicord.ch\/it","name":"Famicord.ch","description":"","potentialAction":[{"@type":"SearchAction","target":{"@type":"EntryPoint","urlTemplate":"https:\/\/famicord.ch\/it?s={search_term_string}"},"query-input":{"@type":"PropertyValueSpecification","valueRequired":true,"valueName":"search_term_string"}}],"inLanguage":"it-CH"}]}</script>
<!-- / Yoast SEO plugin. -->

Capelli in gravidanza: caduta, tintura, lisciatura e cura dei capelli. Cosa è sicuro e quali cambiamenti sono normali.
