{"id":6092,"date":"2026-02-19T08:01:00","date_gmt":"2026-02-19T07:01:00","guid":{"rendered":"https:\/\/wordpress-famicord-ch.empressia.dev\/pregnancy-zone-2\/%pregnancy_zone_category%\/schlafapnoe-in-der-schwangerschaft"},"modified":"2026-01-26T16:42:34","modified_gmt":"2026-01-26T15:42:34","slug":"schlafapnoe-in-der-schwangerschaft","status":"publish","type":"pregnancy_zone","link":"https:\/\/famicord.ch\/it\/pregnancy-zone-2\/disturbi-della-gravidanza\/schlafapnoe-in-der-schwangerschaft","title":{"rendered":"Apnea notturna in gravidanza"},"content":{"rendered":"<h2>Apnea notturna in gravidanza &#8211; sintomi<\/h2>\n<p class=\"Standard\">L&#8217;apnea ostruttiva del sonno (OBPS) colpisce pi\u00f9 comunemente le persone obese, gli anziani e i fumatori di sigarette. In questa malattia, le parti molli della gola collassano, causando una respirazione superficiale e un&#8217;insufficienza respiratoria. Il russare \u00e8 uno dei sintomi caratteristici della malattia. Pu\u00f2 anche verificarsi un&#8217;eccessiva sonnolenza diurna e la necessit\u00e0 di fare dei sonnellini extra. La diagnosi di apnea in gravidanza \u00e8 difficile perch\u00e9 la sonnolenza pu\u00f2 manifestarsi indipendentemente come uno dei sintomi durante i nove mesi. Per diagnosticare l&#8217;apnea notturna in gravidanza si esegue un test, la polisonnografia. Nella maggior parte dei casi, sono il partner o i parenti della futura mamma a notare per primi i sintomi dell&#8217;apnea in gravidanza.<\/p>\n<h2>Apnea notturna in gravidanza &#8211; Cause<\/h2>\n<p class=\"Standard\">Durante la gravidanza si verificano molti cambiamenti nel corpo della futura mamma. Tra questi, i cambiamenti ormonali. Un aumento dei livelli di estrogeni pu\u00f2 contribuire al rigonfiamento della mucosa nasale e alla produzione di secrezioni, compromettendo cos\u00ec la perviet\u00e0 del naso. Il progesterone, invece, aumenta la propulsione delle vie aeree. Questi cambiamenti contribuiscono ad aumentare il rischio di apnea notturna durante la gravidanza.<\/p>\n<p class=\"Standard\">Altre cause di OBPS in gravidanza sono l&#8217;obesit\u00e0 e la crescita del tessuto adiposo, soprattutto nel viso e nel collo. Questo influisce a sua volta sulla permeabilit\u00e0 delle vie aeree. A causa dell&#8217;ingrossamento dell&#8217;utero nei mesi successivi della gravidanza, la capacit\u00e0 polmonare funzionale si riduce, favorendo, ad esempio, la saturazione. Inoltre, l&#8217;accumulo di liquidi nei tessuti corporei sotto forma di edema, ad esempio nel collo, gioca un ruolo nello sviluppo dell&#8217;insufficienza respiratoria.<\/p>\n<h2>Apnea notturna in gravidanza &#8211; effetti<\/h2>\n<p class=\"Standard\">L&#8217;apnea ostruttiva del sonno impedisce un sonno buono e riposante. Le interruzioni del sonno che ne derivano e la riduzione del senso di saziet\u00e0 provocano a loro volta un&#8217;attivazione del sistema nervoso simpatico, nonch\u00e9 una diminuzione della secrezione di leptina e un aumento della grelina, gli ormoni responsabili del metabolismo dei grassi e dei carboidrati. Inoltre, l&#8217;arresto respiratorio ha un effetto negativo sul flusso sanguigno e sull&#8217;apporto di ossigeno al tessuto placentare.<\/p>\n<p class=\"Standard\">Le conseguenze dell&#8217;apnea notturna in gravidanza comprendono:<\/p>\n<ul>\n<li class=\"Standard\">Sviluppo dell&#8217;ipertensione in gravidanza<\/li>\n<li class=\"Standard\">Aumento del rischio di pre-eclampsia<\/li>\n<li class=\"Standard\">Ridotta crescita del feto<\/li>\n<li class=\"Standard\">Diabete gestazionale<\/li>\n<li class=\"Standard\">Aumento del rischio di parto prematuro<\/li>\n<li class=\"Standard\">livello di Apgar pi\u00f9 basso<\/li>\n<\/ul>\n<p>Secondo alcuni studi, le donne con apnea ostruttiva del sonno hanno maggiori probabilit\u00e0 di partorire con taglio cesareo durante la gravidanza rispetto alla popolazione sana.<\/p>\n","protected":false},"excerpt":{"rendered":"<p>L&#8217;apnea ostruttiva del sonno non \u00e8 solo appannaggio delle persone anziane e in sovrappeso, ma si verifica frequentemente anche nelle donne in gravidanza. Secondo alcuni studi, oltre il 25% delle future mamme \u00e8 affetto da questo problema nel terzo trimestre di gravidanza. Ma non tutti sono consapevoli delle conseguenze associate all&#8217;apnea notturna. Quali sono le cause e le conseguenze dell&#8217;apnea notturna in gravidanza?<\/p>\n","protected":false},"author":2,"featured_media":4649,"template":"","pregnancy_zone_category":[95],"class_list":["post-6092","pregnancy_zone","type-pregnancy_zone","status-publish","has-post-thumbnail","hentry","pregnancy_zone_category-disturbi-della-gravidanza"],"acf":[],"yoast_head":"<!-- This site is optimized with the Yoast SEO plugin v27.5 - https:\/\/yoast.com\/product\/yoast-seo-wordpress\/ -->\n<title>Apnea notturna in gravidanza \u2013 sintomi e rischi | FamiCord<\/title>\n<meta name=\"description\" content=\"Apnea notturna in gravidanza: scopri sintomi, cause, possibili rischi per madre e feto e come viene effettuata la diagnosi.\" \/>\n<meta name=\"robots\" content=\"index, follow, max-snippet:-1, max-image-preview:large, max-video-preview:-1\" \/>\n<link rel=\"canonical\" href=\"https:\/\/famicord.ch\/it\/pregnancy-zone-2\/disturbi-della-gravidanza\/schlafapnoe-in-der-schwangerschaft\" \/>\n<meta property=\"og:locale\" content=\"it_IT\" \/>\n<meta property=\"og:type\" content=\"article\" \/>\n<meta property=\"og:title\" content=\"Apnea notturna in gravidanza \u2013 sintomi e rischi | FamiCord\" \/>\n<meta property=\"og:description\" content=\"Apnea notturna in gravidanza: scopri sintomi, cause, possibili rischi per madre e feto e come viene effettuata la diagnosi.\" \/>\n<meta property=\"og:url\" content=\"https:\/\/famicord.ch\/it\/pregnancy-zone-2\/disturbi-della-gravidanza\/schlafapnoe-in-der-schwangerschaft\" \/>\n<meta property=\"og:site_name\" content=\"Famicord Suisse\" \/>\n<meta property=\"og:image\" content=\"https:\/\/famicord.ch\/wp-content\/uploads\/2024\/08\/Schlaf.png\" \/>\n\t<meta property=\"og:image:width\" content=\"808\" \/>\n\t<meta property=\"og:image:height\" content=\"541\" \/>\n\t<meta property=\"og:image:type\" content=\"image\/png\" \/>\n<meta name=\"twitter:card\" content=\"summary_large_image\" \/>\n<meta name=\"twitter:label1\" content=\"Est. reading time\" \/>\n\t<meta name=\"twitter:data1\" content=\"3 minutes\" \/>\n<script type=\"application\/ld+json\" class=\"yoast-schema-graph\">{\"@context\":\"https:\\\/\\\/schema.org\",\"@graph\":[{\"@type\":\"WebPage\",\"@id\":\"https:\\\/\\\/famicord.ch\\\/it\\\/pregnancy-zone-2\\\/disturbi-della-gravidanza\\\/schlafapnoe-in-der-schwangerschaft\",\"url\":\"https:\\\/\\\/famicord.ch\\\/it\\\/pregnancy-zone-2\\\/disturbi-della-gravidanza\\\/schlafapnoe-in-der-schwangerschaft\",\"name\":\"Apnea notturna in gravidanza \u2013 sintomi e rischi | FamiCord\",\"isPartOf\":{\"@id\":\"https:\\\/\\\/famicord.ch\\\/it#website\"},\"primaryImageOfPage\":{\"@id\":\"https:\\\/\\\/famicord.ch\\\/it\\\/pregnancy-zone-2\\\/disturbi-della-gravidanza\\\/schlafapnoe-in-der-schwangerschaft#primaryimage\"},\"image\":{\"@id\":\"https:\\\/\\\/famicord.ch\\\/it\\\/pregnancy-zone-2\\\/disturbi-della-gravidanza\\\/schlafapnoe-in-der-schwangerschaft#primaryimage\"},\"thumbnailUrl\":\"https:\\\/\\\/famicord.ch\\\/wp-content\\\/uploads\\\/2024\\\/08\\\/Schlaf.png\",\"datePublished\":\"2026-02-19T07:01:00+00:00\",\"description\":\"Apnea notturna in gravidanza: scopri sintomi, cause, possibili rischi per madre e feto e come viene effettuata la diagnosi.\",\"breadcrumb\":{\"@id\":\"https:\\\/\\\/famicord.ch\\\/it\\\/pregnancy-zone-2\\\/disturbi-della-gravidanza\\\/schlafapnoe-in-der-schwangerschaft#breadcrumb\"},\"inLanguage\":\"it-CH\",\"potentialAction\":[{\"@type\":\"ReadAction\",\"target\":[\"https:\\\/\\\/famicord.ch\\\/it\\\/pregnancy-zone-2\\\/disturbi-della-gravidanza\\\/schlafapnoe-in-der-schwangerschaft\"]}]},{\"@type\":\"ImageObject\",\"inLanguage\":\"it-CH\",\"@id\":\"https:\\\/\\\/famicord.ch\\\/it\\\/pregnancy-zone-2\\\/disturbi-della-gravidanza\\\/schlafapnoe-in-der-schwangerschaft#primaryimage\",\"url\":\"https:\\\/\\\/famicord.ch\\\/wp-content\\\/uploads\\\/2024\\\/08\\\/Schlaf.png\",\"contentUrl\":\"https:\\\/\\\/famicord.ch\\\/wp-content\\\/uploads\\\/2024\\\/08\\\/Schlaf.png\",\"width\":808,\"height\":541},{\"@type\":\"BreadcrumbList\",\"@id\":\"https:\\\/\\\/famicord.ch\\\/it\\\/pregnancy-zone-2\\\/disturbi-della-gravidanza\\\/schlafapnoe-in-der-schwangerschaft#breadcrumb\",\"itemListElement\":[{\"@type\":\"ListItem\",\"position\":1,\"name\":\"Home\",\"item\":\"https:\\\/\\\/famicord.ch\\\/it\"},{\"@type\":\"ListItem\",\"position\":2,\"name\":\"FamiBlog\",\"item\":\"https:\\\/\\\/famicord.ch\\\/it\\\/pregnancy-zone-2\"},{\"@type\":\"ListItem\",\"position\":3,\"name\":\"Apnea notturna in gravidanza\"}]},{\"@type\":\"WebSite\",\"@id\":\"https:\\\/\\\/famicord.ch\\\/it#website\",\"url\":\"https:\\\/\\\/famicord.ch\\\/it\",\"name\":\"Famicord.ch\",\"description\":\"\",\"potentialAction\":[{\"@type\":\"SearchAction\",\"target\":{\"@type\":\"EntryPoint\",\"urlTemplate\":\"https:\\\/\\\/famicord.ch\\\/it?s={search_term_string}\"},\"query-input\":{\"@type\":\"PropertyValueSpecification\",\"valueRequired\":true,\"valueName\":\"search_term_string\"}}],\"inLanguage\":\"it-CH\"}]}<\/script>\n<!-- \/ Yoast SEO plugin. -->","yoast_head_json":{"title":"Apnea notturna in gravidanza \u2013 sintomi e rischi | FamiCord","description":"Apnea notturna in gravidanza: scopri sintomi, cause, possibili rischi per madre e feto e come viene effettuata la diagnosi.","robots":{"index":"index","follow":"follow","max-snippet":"max-snippet:-1","max-image-preview":"max-image-preview:large","max-video-preview":"max-video-preview:-1"},"canonical":"https:\/\/famicord.ch\/it\/pregnancy-zone-2\/disturbi-della-gravidanza\/schlafapnoe-in-der-schwangerschaft","og_locale":"it_IT","og_type":"article","og_title":"Apnea notturna in gravidanza \u2013 sintomi e rischi | FamiCord","og_description":"Apnea notturna in gravidanza: scopri sintomi, cause, possibili rischi per madre e feto e come viene effettuata la diagnosi.","og_url":"https:\/\/famicord.ch\/it\/pregnancy-zone-2\/disturbi-della-gravidanza\/schlafapnoe-in-der-schwangerschaft","og_site_name":"Famicord Suisse","og_image":[{"width":808,"height":541,"url":"https:\/\/famicord.ch\/wp-content\/uploads\/2024\/08\/Schlaf.png","type":"image\/png"}],"twitter_card":"summary_large_image","twitter_misc":{"Est. reading time":"3 minutes"},"schema":{"@context":"https:\/\/schema.org","@graph":[{"@type":"WebPage","@id":"https:\/\/famicord.ch\/it\/pregnancy-zone-2\/disturbi-della-gravidanza\/schlafapnoe-in-der-schwangerschaft","url":"https:\/\/famicord.ch\/it\/pregnancy-zone-2\/disturbi-della-gravidanza\/schlafapnoe-in-der-schwangerschaft","name":"Apnea notturna in gravidanza \u2013 sintomi e rischi | FamiCord","isPartOf":{"@id":"https:\/\/famicord.ch\/it#website"},"primaryImageOfPage":{"@id":"https:\/\/famicord.ch\/it\/pregnancy-zone-2\/disturbi-della-gravidanza\/schlafapnoe-in-der-schwangerschaft#primaryimage"},"image":{"@id":"https:\/\/famicord.ch\/it\/pregnancy-zone-2\/disturbi-della-gravidanza\/schlafapnoe-in-der-schwangerschaft#primaryimage"},"thumbnailUrl":"https:\/\/famicord.ch\/wp-content\/uploads\/2024\/08\/Schlaf.png","datePublished":"2026-02-19T07:01:00+00:00","description":"Apnea notturna in gravidanza: scopri sintomi, cause, possibili rischi per madre e feto e come viene effettuata la diagnosi.","breadcrumb":{"@id":"https:\/\/famicord.ch\/it\/pregnancy-zone-2\/disturbi-della-gravidanza\/schlafapnoe-in-der-schwangerschaft#breadcrumb"},"inLanguage":"it-CH","potentialAction":[{"@type":"ReadAction","target":["https:\/\/famicord.ch\/it\/pregnancy-zone-2\/disturbi-della-gravidanza\/schlafapnoe-in-der-schwangerschaft"]}]},{"@type":"ImageObject","inLanguage":"it-CH","@id":"https:\/\/famicord.ch\/it\/pregnancy-zone-2\/disturbi-della-gravidanza\/schlafapnoe-in-der-schwangerschaft#primaryimage","url":"https:\/\/famicord.ch\/wp-content\/uploads\/2024\/08\/Schlaf.png","contentUrl":"https:\/\/famicord.ch\/wp-content\/uploads\/2024\/08\/Schlaf.png","width":808,"height":541},{"@type":"BreadcrumbList","@id":"https:\/\/famicord.ch\/it\/pregnancy-zone-2\/disturbi-della-gravidanza\/schlafapnoe-in-der-schwangerschaft#breadcrumb","itemListElement":[{"@type":"ListItem","position":1,"name":"Home","item":"https:\/\/famicord.ch\/it"},{"@type":"ListItem","position":2,"name":"FamiBlog","item":"https:\/\/famicord.ch\/it\/pregnancy-zone-2"},{"@type":"ListItem","position":3,"name":"Apnea notturna in gravidanza"}]},{"@type":"WebSite","@id":"https:\/\/famicord.ch\/it#website","url":"https:\/\/famicord.ch\/it","name":"Famicord.ch","description":"","potentialAction":[{"@type":"SearchAction","target":{"@type":"EntryPoint","urlTemplate":"https:\/\/famicord.ch\/it?s={search_term_string}"},"query-input":{"@type":"PropertyValueSpecification","valueRequired":true,"valueName":"search_term_string"}}],"inLanguage":"it-CH"}]}},"_links":{"self":[{"href":"https:\/\/famicord.ch\/it\/wp-json\/wp\/v2\/pregnancy_zone\/6092","targetHints":{"allow":["GET"]}}],"collection":[{"href":"https:\/\/famicord.ch\/it\/wp-json\/wp\/v2\/pregnancy_zone"}],"about":[{"href":"https:\/\/famicord.ch\/it\/wp-json\/wp\/v2\/types\/pregnancy_zone"}],"author":[{"embeddable":true,"href":"https:\/\/famicord.ch\/it\/wp-json\/wp\/v2\/users\/2"}],"wp:featuredmedia":[{"embeddable":true,"href":"https:\/\/famicord.ch\/it\/wp-json\/wp\/v2\/media\/4649"}],"wp:attachment":[{"href":"https:\/\/famicord.ch\/it\/wp-json\/wp\/v2\/media?parent=6092"}],"wp:term":[{"taxonomy":"pregnancy_zone_category","embeddable":true,"href":"https:\/\/famicord.ch\/it\/wp-json\/wp\/v2\/pregnancy_zone_category?post=6092"}],"curies":[{"name":"wp","href":"https:\/\/api.w.org\/{rel}","templated":true}]}}

<h2>Apnea notturna in gravidanza &#8211; sintomi</h2>
<p class="Standard">L&#8217;apnea ostruttiva del sonno (OBPS) colpisce più comunemente le persone obese, gli anziani e i fumatori di sigarette. In questa malattia, le parti molli della gola collassano, causando una respirazione superficiale e un&#8217;insufficienza respiratoria. Il russare è uno dei sintomi caratteristici della malattia. Può anche verificarsi un&#8217;eccessiva sonnolenza diurna e la necessità di fare dei sonnellini extra. La diagnosi di apnea in gravidanza è difficile perché la sonnolenza può manifestarsi indipendentemente come uno dei sintomi durante i nove mesi. Per diagnosticare l&#8217;apnea notturna in gravidanza si esegue un test, la polisonnografia. Nella maggior parte dei casi, sono il partner o i parenti della futura mamma a notare per primi i sintomi dell&#8217;apnea in gravidanza.</p>
<h2>Apnea notturna in gravidanza &#8211; Cause</h2>
<p class="Standard">Durante la gravidanza si verificano molti cambiamenti nel corpo della futura mamma. Tra questi, i cambiamenti ormonali. Un aumento dei livelli di estrogeni può contribuire al rigonfiamento della mucosa nasale e alla produzione di secrezioni, compromettendo così la pervietà del naso. Il progesterone, invece, aumenta la propulsione delle vie aeree. Questi cambiamenti contribuiscono ad aumentare il rischio di apnea notturna durante la gravidanza.</p>
<p class="Standard">Altre cause di OBPS in gravidanza sono l&#8217;obesità e la crescita del tessuto adiposo, soprattutto nel viso e nel collo. Questo influisce a sua volta sulla permeabilità delle vie aeree. A causa dell&#8217;ingrossamento dell&#8217;utero nei mesi successivi della gravidanza, la capacità polmonare funzionale si riduce, favorendo, ad esempio, la saturazione. Inoltre, l&#8217;accumulo di liquidi nei tessuti corporei sotto forma di edema, ad esempio nel collo, gioca un ruolo nello sviluppo dell&#8217;insufficienza respiratoria.</p>
<h2>Apnea notturna in gravidanza &#8211; effetti</h2>
<p class="Standard">L&#8217;apnea ostruttiva del sonno impedisce un sonno buono e riposante. Le interruzioni del sonno che ne derivano e la riduzione del senso di sazietà provocano a loro volta un&#8217;attivazione del sistema nervoso simpatico, nonché una diminuzione della secrezione di leptina e un aumento della grelina, gli ormoni responsabili del metabolismo dei grassi e dei carboidrati. Inoltre, l&#8217;arresto respiratorio ha un effetto negativo sul flusso sanguigno e sull&#8217;apporto di ossigeno al tessuto placentare.</p>
<p class="Standard">Le conseguenze dell&#8217;apnea notturna in gravidanza comprendono:</p>
<ul>
<li class="Standard">Sviluppo dell&#8217;ipertensione in gravidanza</li>
<li class="Standard">Aumento del rischio di pre-eclampsia</li>
<li class="Standard">Ridotta crescita del feto</li>
<li class="Standard">Diabete gestazionale</li>
<li class="Standard">Aumento del rischio di parto prematuro</li>
<li class="Standard">livello di Apgar più basso</li>
</ul>
<p>Secondo alcuni studi, le donne con apnea ostruttiva del sonno hanno maggiori probabilità di partorire con taglio cesareo durante la gravidanza rispetto alla popolazione sana.</p>

<p>L&#8217;apnea ostruttiva del sonno non è solo appannaggio delle persone anziane e in sovrappeso, ma si verifica frequentemente anche nelle donne in gravidanza. Secondo alcuni studi, oltre il 25% delle future mamme è affetto da questo problema nel terzo trimestre di gravidanza. Ma non tutti sono consapevoli delle conseguenze associate all&#8217;apnea notturna. Quali sono le cause e le conseguenze dell&#8217;apnea notturna in gravidanza?</p>
